Last updated on 2025-04-30 04:50:21 CEST.
Flavor | Version | Tinstall | Tcheck | Ttotal | Status | Flags |
---|---|---|---|---|---|---|
r-devel-linux-x86_64-debian-clang | 1.1 | 1.72 | 21.46 | 23.18 | NOTE | |
r-devel-linux-x86_64-debian-gcc | 1.1 | 1.50 | 16.98 | 18.48 | OK | |
r-devel-linux-x86_64-fedora-clang | 1.1 | 37.35 | OK | |||
r-devel-linux-x86_64-fedora-gcc | 1.1 | 35.38 | OK | |||
r-devel-windows-x86_64 | 1.1 | 2.00 | 47.00 | 49.00 | OK | |
r-patched-linux-x86_64 | 1.1 | 1.86 | 20.97 | 22.83 | OK | |
r-release-linux-x86_64 | 1.1 | 1.63 | 20.70 | 22.33 | OK | |
r-release-macos-arm64 | 1.1 | 17.00 | OK | |||
r-release-macos-x86_64 | 1.1 | 29.00 | OK | |||
r-release-windows-x86_64 | 1.1 | 3.00 | 45.00 | 48.00 | OK | |
r-oldrel-macos-arm64 | 1.1 | 16.00 | OK | |||
r-oldrel-macos-x86_64 | 1.1 | 23.00 | OK | |||
r-oldrel-windows-x86_64 | 1.1 | 3.00 | 45.00 | 48.00 | OK |
Version: 1.1
Check: examples
Result: NOTE
Examples with CPU (user + system) or elapsed time > 5s
user system elapsed
supercompress 4.202 0.08 8.041
Flavor: r-devel-linux-x86_64-debian-clang