CRAN Package Check Results for Package superheat

Last updated on 2025-04-30 04:50:21 CEST.

Flavor Version Tinstall Tcheck Ttotal Status Flags
r-devel-linux-x86_64-debian-clang 0.1.0 3.90 140.81 144.71 NOTE
r-devel-linux-x86_64-debian-gcc 0.1.0 2.54 91.10 93.64 OK
r-devel-linux-x86_64-fedora-clang 0.1.0 232.19 OK
r-devel-linux-x86_64-fedora-gcc 0.1.0 207.51 OK
r-devel-windows-x86_64 0.1.0 6.00 132.00 138.00 OK
r-patched-linux-x86_64 0.1.0 4.17 133.19 137.36 OK
r-release-linux-x86_64 0.1.0 3.98 132.16 136.14 OK
r-release-macos-arm64 0.1.0 55.00 OK
r-release-macos-x86_64 0.1.0 114.00 OK
r-release-windows-x86_64 0.1.0 5.00 132.00 137.00 OK
r-oldrel-macos-arm64 0.1.0 59.00 NOTE
r-oldrel-macos-x86_64 0.1.0 98.00 NOTE
r-oldrel-windows-x86_64 0.1.0 7.00 171.00 178.00 NOTE

Check Details

Version: 0.1.0
Check: examples
Result: NOTE Examples with CPU (user + system) or elapsed time > 5s user system elapsed superheat 3.567 0.078 5.4 Flavor: r-devel-linux-x86_64-debian-clang

Version: 0.1.0
Check: LazyData
Result: NOTE 'LazyData' is specified without a 'data' directory Flavors: r-oldrel-macos-arm64, r-oldrel-macos-x86_64, r-oldrel-windows-x86_64