CRAN Package Check Results for Package superml

Last updated on 2025-04-30 04:50:21 CEST.

Flavor Version Tinstall Tcheck Ttotal Status Flags
r-devel-linux-x86_64-debian-clang 0.5.7 36.88 67.92 104.80 NOTE
r-devel-linux-x86_64-debian-gcc 0.5.7 31.48 51.53 83.01 NOTE
r-devel-linux-x86_64-fedora-clang 0.5.7 197.41 OK
r-devel-linux-x86_64-fedora-gcc 0.5.7 213.51 OK
r-devel-windows-x86_64 0.5.7 48.00 113.00 161.00 NOTE
r-patched-linux-x86_64 0.5.7 44.24 63.13 107.37 NOTE
r-release-linux-x86_64 0.5.7 43.22 60.95 104.17 NOTE
r-release-macos-arm64 0.5.7 63.00 OK
r-release-macos-x86_64 0.5.7 112.00 OK
r-release-windows-x86_64 0.5.7 47.00 113.00 160.00 NOTE
r-oldrel-macos-arm64 0.5.7 54.00 OK
r-oldrel-macos-x86_64 0.5.7 89.00 OK
r-oldrel-windows-x86_64 0.5.7 58.00 133.00 191.00 OK

Check Details

Version: 0.5.7
Check: Rd cross-references
Result: NOTE Found the following Rd file(s) with Rd \link{} targets missing package anchors: KNNTrainer.Rd: R6Class LabelEncoder.Rd: R6Class Please provide package anchors for all Rd \link{} targets not in the package itself and the base packages. Flavors: r-devel-linux-x86_64-debian-clang, r-devel-linux-x86_64-debian-gcc, r-devel-windows-x86_64, r-patched-linux-x86_64, r-release-linux-x86_64, r-release-windows-x86_64