Last updated on 2025-04-30 04:50:21 CEST.
Flavor | Version | Tinstall | Tcheck | Ttotal | Status | Flags |
---|---|---|---|---|---|---|
r-devel-linux-x86_64-debian-clang | 0.2-1 | 2.41 | 24.04 | 26.45 | NOTE | |
r-devel-linux-x86_64-debian-gcc | 0.2-1 | 1.69 | 18.27 | 19.96 | NOTE | |
r-devel-linux-x86_64-fedora-clang | 0.2-1 | 42.93 | OK | |||
r-devel-linux-x86_64-fedora-gcc | 0.2-1 | 38.75 | OK | |||
r-devel-windows-x86_64 | 0.2-1 | 4.00 | 51.00 | 55.00 | OK | |
r-patched-linux-x86_64 | 0.2-1 | 2.56 | 22.70 | 25.26 | OK | |
r-release-linux-x86_64 | 0.2-1 | 2.15 | 22.31 | 24.46 | OK | |
r-release-macos-arm64 | 0.2-1 | 17.00 | OK | |||
r-release-macos-x86_64 | 0.2-1 | 27.00 | OK | |||
r-release-windows-x86_64 | 0.2-1 | 3.00 | 46.00 | 49.00 | OK | |
r-oldrel-macos-arm64 | 0.2-1 | 15.00 | OK | |||
r-oldrel-macos-x86_64 | 0.2-1 | 22.00 | OK | |||
r-oldrel-windows-x86_64 | 0.2-1 | 7.00 | 47.00 | 54.00 | OK |
Version: 0.2-1
Check: CRAN incoming feasibility
Result: NOTE
Maintainer: ‘Hideo Aizaki <azk-r@spa.nifty.com>’
No Authors@R field in DESCRIPTION.
Please add one, modifying
Authors@R: person(given = "Hideo",
family = "Aizaki",
role = c("aut", "cre"),
email = "azk-r@spa.nifty.com")
as necessary.
Flavors: r-devel-linux-x86_64-debian-clang, r-devel-linux-x86_64-debian-gcc