CRAN Package Check Results for Package sur

Last updated on 2025-04-30 04:50:21 CEST.

Flavor Version Tinstall Tcheck Ttotal Status Flags
r-devel-linux-x86_64-debian-clang 1.0.4 2.40 22.67 25.07 OK
r-devel-linux-x86_64-debian-gcc 1.0.4 1.61 18.26 19.87 OK
r-devel-linux-x86_64-fedora-clang 1.0.4 38.41 NOTE
r-devel-linux-x86_64-fedora-gcc 1.0.4 37.40 NOTE
r-devel-windows-x86_64 1.0.4 5.00 56.00 61.00 OK
r-patched-linux-x86_64 1.0.4 2.41 21.33 23.74 OK
r-release-linux-x86_64 1.0.4 2.30 21.56 23.86 OK
r-release-macos-arm64 1.0.4 17.00 OK
r-release-macos-x86_64 1.0.4 26.00 OK
r-release-windows-x86_64 1.0.4 5.00 53.00 58.00 OK
r-oldrel-macos-arm64 1.0.4 18.00 OK
r-oldrel-macos-x86_64 1.0.4 23.00 OK
r-oldrel-windows-x86_64 1.0.4 5.00 52.00 57.00 OK

Check Details

Version: 1.0.4
Check: dependencies in R code
Result: NOTE Namespace in Imports field not imported from: ‘learnr’ All declared Imports should be used. Flavors: r-devel-linux-x86_64-fedora-clang, r-devel-linux-x86_64-fedora-gcc