CRAN Package Check Results for Package surbayes

Last updated on 2025-04-30 04:50:21 CEST.

Flavor Version Tinstall Tcheck Ttotal Status Flags
r-devel-linux-x86_64-debian-clang 0.1.2 52.59 56.49 109.08 NOTE
r-devel-linux-x86_64-debian-gcc 0.1.2 37.61 42.34 79.95 NOTE
r-devel-linux-x86_64-fedora-clang 0.1.2 203.30 NOTE
r-devel-linux-x86_64-fedora-gcc 0.1.2 191.99 NOTE
r-devel-windows-x86_64 0.1.2 62.00 92.00 154.00 NOTE
r-patched-linux-x86_64 0.1.2 53.89 53.46 107.35 NOTE
r-release-linux-x86_64 0.1.2 53.79 52.96 106.75 NOTE
r-release-macos-arm64 0.1.2 50.00 NOTE
r-release-macos-x86_64 0.1.2 76.00 NOTE
r-release-windows-x86_64 0.1.2 62.00 95.00 157.00 NOTE
r-oldrel-macos-arm64 0.1.2 47.00 NOTE
r-oldrel-macos-x86_64 0.1.2 60.00 NOTE
r-oldrel-windows-x86_64 0.1.2 71.00 111.00 182.00 NOTE

Check Details

Version: 0.1.2
Check: CRAN incoming feasibility
Result: NOTE Maintainer: ‘Ethan Alt <ethanalt@live.unc.edu>’ No Authors@R field in DESCRIPTION. Please add one, modifying Authors@R: person(given = "Ethan", family = "Alt", role = c("aut", "cre"), email = "ethanalt@live.unc.edu") as necessary. Flavors: r-devel-linux-x86_64-debian-clang, r-devel-linux-x86_64-debian-gcc

Version: 0.1.2
Check: C++ specification
Result: NOTE Specified C++11: please drop specification unless essential Flavors: r-devel-linux-x86_64-debian-clang, r-devel-linux-x86_64-debian-gcc, r-devel-linux-x86_64-fedora-clang, r-devel-linux-x86_64-fedora-gcc, r-devel-windows-x86_64, r-patched-linux-x86_64, r-release-linux-x86_64, r-release-macos-arm64, r-release-macos-x86_64, r-release-windows-x86_64, r-oldrel-macos-arm64, r-oldrel-macos-x86_64, r-oldrel-windows-x86_64