Last updated on 2025-02-21 03:52:28 CET.
Flavor | Version | Tinstall | Tcheck | Ttotal | Status | Flags |
---|---|---|---|---|---|---|
r-devel-linux-x86_64-debian-clang | 0.1.0-1 | 24.65 | 219.27 | 243.92 | OK | |
r-devel-linux-x86_64-debian-gcc | 0.1.0-1 | 17.17 | 145.80 | 162.97 | OK | |
r-devel-linux-x86_64-fedora-clang | 0.1.0-1 | 483.31 | NOTE | |||
r-devel-linux-x86_64-fedora-gcc | 0.1.0-1 | 459.14 | NOTE | |||
r-devel-macos-arm64 | 0.1.0-1 | 111.00 | OK | |||
r-devel-macos-x86_64 | 0.1.0-1 | 258.00 | OK | |||
r-devel-windows-x86_64 | 0.1.0-1 | 28.00 | 300.00 | 328.00 | OK | |
r-patched-linux-x86_64 | 0.1.0-1 | 23.60 | 213.00 | 236.60 | OK | |
r-release-linux-x86_64 | 0.1.0-1 | 23.61 | 208.38 | 231.99 | OK | |
r-release-macos-arm64 | 0.1.0-1 | 106.00 | OK | |||
r-release-macos-x86_64 | 0.1.0-1 | 201.00 | OK | |||
r-release-windows-x86_64 | 0.1.0-1 | 29.00 | 317.00 | 346.00 | OK | |
r-oldrel-macos-arm64 | 0.1.0-1 | 128.00 | OK | |||
r-oldrel-macos-x86_64 | 0.1.0-1 | 204.00 | OK | |||
r-oldrel-windows-x86_64 | 0.1.0-1 | 34.00 | 342.00 | 376.00 | OK |
Version: 0.1.0-1
Check: dependencies in R code
Result: NOTE
Namespaces in Imports field not imported from:
‘doParallel’ ‘pROC’
All declared Imports should be used.
Flavors: r-devel-linux-x86_64-fedora-clang, r-devel-linux-x86_64-fedora-gcc