Last updated on 2025-04-30 04:50:21 CEST.
Flavor | Version | Tinstall | Tcheck | Ttotal | Status | Flags |
---|---|---|---|---|---|---|
r-devel-linux-x86_64-debian-clang | 0.1.0 | 5.47 | 59.76 | 65.23 | NOTE | |
r-devel-linux-x86_64-debian-gcc | 0.1.0 | 4.62 | 42.61 | 47.23 | NOTE | |
r-devel-linux-x86_64-fedora-clang | 0.1.0 | 102.73 | OK | |||
r-devel-linux-x86_64-fedora-gcc | 0.1.0 | 96.13 | OK | |||
r-devel-windows-x86_64 | 0.1.0 | 7.00 | 70.00 | 77.00 | OK | |
r-patched-linux-x86_64 | 0.1.0 | 5.96 | 56.39 | 62.35 | OK | |
r-release-linux-x86_64 | 0.1.0 | 5.77 | 55.51 | 61.28 | OK | |
r-release-macos-arm64 | 0.1.0 | 27.00 | OK | |||
r-release-macos-x86_64 | 0.1.0 | 57.00 | OK | |||
r-release-windows-x86_64 | 0.1.0 | 7.00 | 69.00 | 76.00 | OK | |
r-oldrel-macos-arm64 | 0.1.0 | 30.00 | NOTE | |||
r-oldrel-macos-x86_64 | 0.1.0 | 67.00 | NOTE | |||
r-oldrel-windows-x86_64 | 0.1.0 | 8.00 | 80.00 | 88.00 | NOTE |
Version: 0.1.0
Check: CRAN incoming feasibility
Result: NOTE
Maintainer: ‘Yunro Chung <yunro.chung@asu.edu>’
No Authors@R field in DESCRIPTION.
Please add one, modifying
Authors@R: person(given = "Yunro",
family = "Chung",
role = c("cre", "aut"),
email = "yunro.chung@asu.edu")
as necessary.
Found the following \keyword or \concept entries
which likely give several index terms:
File ‘surrosurvROC-package.Rd’:
\keyword{biomarkers, inverse probability weighing, [TRUNCATED]
File ‘surrosurvROC.Rd’:
\keyword{biomarkers, inverse probability weighing, [TRUNCATED]
Flavors: r-devel-linux-x86_64-debian-clang, r-devel-linux-x86_64-debian-gcc
Version: 0.1.0
Check: examples
Result: NOTE
Examples with CPU (user + system) or elapsed time > 5s
user system elapsed
surrosurvROC 7.862 0.054 10.11
Flavor: r-devel-linux-x86_64-debian-clang
Version: 0.1.0
Check: examples
Result: NOTE
Examples with CPU (user + system) or elapsed time > 5s
user system elapsed
surrosurvROC 5.006 0.06 7.046
Flavor: r-devel-linux-x86_64-debian-gcc
Version: 0.1.0
Check: LazyData
Result: NOTE
'LazyData' is specified without a 'data' directory
Flavors: r-oldrel-macos-arm64, r-oldrel-macos-x86_64, r-oldrel-windows-x86_64