Last updated on 2025-04-30 04:50:21 CEST.
Flavor | Version | Tinstall | Tcheck | Ttotal | Status | Flags |
---|---|---|---|---|---|---|
r-devel-linux-x86_64-debian-clang | 1.0 | 6.27 | 95.87 | 102.14 | NOTE | |
r-devel-linux-x86_64-debian-gcc | 1.0 | 4.54 | 67.14 | 71.68 | NOTE | |
r-devel-linux-x86_64-fedora-clang | 1.0 | 171.94 | OK | |||
r-devel-linux-x86_64-fedora-gcc | 1.0 | 166.44 | OK | |||
r-devel-windows-x86_64 | 1.0 | 7.00 | 106.00 | 113.00 | OK | |
r-patched-linux-x86_64 | 1.0 | 6.47 | 92.35 | 98.82 | OK | |
r-release-linux-x86_64 | 1.0 | 6.02 | 91.20 | 97.22 | OK | |
r-release-macos-arm64 | 1.0 | 58.00 | OK | |||
r-release-macos-x86_64 | 1.0 | 99.00 | OK | |||
r-release-windows-x86_64 | 1.0 | 7.00 | 108.00 | 115.00 | OK | |
r-oldrel-macos-arm64 | 1.0 | 49.00 | OK | |||
r-oldrel-macos-x86_64 | 1.0 | 77.00 | OK | |||
r-oldrel-windows-x86_64 | 1.0 | 9.00 | 132.00 | 141.00 | OK |
Version: 1.0
Check: CRAN incoming feasibility
Result: NOTE
Maintainer: ‘Joao Pinto <joao.pinto@tecnico.ulisboa.pt>’
No Authors@R field in DESCRIPTION.
Please add one, modifying
Authors@R: c(person(given = "Joao",
family = "Pinto",
role = c("aut", "cre"),
email = "joao.pinto@tecnico.ulisboa.pt"),
person(given = "Andre",
family = "Verissimo",
role = "aut",
email = "andre.verissimo@tecnico.ulisboa.pt"),
person(given = "Alexandra",
family = "Carvalho",
role = "aut",
email = "alexandra.carvalho@tecnico.ulisboa.pt"),
person(given = "Susana",
family = "Vinga",
role = "aut",
email = "susanavinga@tecnico.ulisboa.pt"))
as necessary.
Flavors: r-devel-linux-x86_64-debian-clang, r-devel-linux-x86_64-debian-gcc
Version: 1.0
Check: examples
Result: NOTE
Examples with CPU (user + system) or elapsed time > 5s
user system elapsed
survBootOutliers 7.662 0.026 9.433
Flavor: r-devel-linux-x86_64-debian-clang
Version: 1.0
Check: examples
Result: NOTE
Examples with CPU (user + system) or elapsed time > 5s
user system elapsed
survBootOutliers 5.143 0.057 7.454
Flavor: r-devel-linux-x86_64-debian-gcc