CRAN Package Check Results for Package survELtest

Last updated on 2025-04-30 04:50:21 CEST.

Flavor Version Tinstall Tcheck Ttotal Status Flags
r-devel-linux-x86_64-debian-clang 2.0.1 9.52 78.43 87.95 NOTE
r-devel-linux-x86_64-debian-gcc 2.0.1 6.71 57.88 64.59 NOTE
r-devel-linux-x86_64-fedora-clang 2.0.1 139.86 OK
r-devel-linux-x86_64-fedora-gcc 2.0.1 134.06 OK
r-devel-windows-x86_64 2.0.1 9.00 103.00 112.00 OK
r-patched-linux-x86_64 2.0.1 9.69 80.00 89.69 OK
r-release-linux-x86_64 2.0.1 8.24 78.88 87.12 OK
r-release-macos-arm64 2.0.1 41.00 OK
r-release-macos-x86_64 2.0.1 73.00 OK
r-release-windows-x86_64 2.0.1 9.00 100.00 109.00 OK
r-oldrel-macos-arm64 2.0.1 42.00 OK
r-oldrel-macos-x86_64 2.0.1 68.00 OK
r-oldrel-windows-x86_64 2.0.1 11.00 115.00 126.00 OK

Check Details

Version: 2.0.1
Check: CRAN incoming feasibility
Result: NOTE Maintainer: ‘Guo-You Lan <jj6020770416jj@gmail.com>’ No Authors@R field in DESCRIPTION. Please add one, modifying Authors@R: person(given = "Hsin-wen", family = "Chang", role = c("aut", "cre"), email = "hwchang@stat.sinica.edu.tw") as necessary. Flavors: r-devel-linux-x86_64-debian-clang, r-devel-linux-x86_64-debian-gcc