Last updated on 2025-04-30 04:50:21 CEST.
Flavor | Version | Tinstall | Tcheck | Ttotal | Status | Flags |
---|---|---|---|---|---|---|
r-devel-linux-x86_64-debian-clang | 2.0.2 | 47.99 | 108.53 | 156.52 | OK | --no-vignettes |
r-devel-linux-x86_64-debian-gcc | 2.0.2 | 35.51 | 74.41 | 109.92 | OK | --no-vignettes |
r-devel-linux-x86_64-fedora-clang | 2.0.2 | 511.43 | OK | |||
r-devel-linux-x86_64-fedora-gcc | 2.0.2 | 550.66 | OK | |||
r-devel-windows-x86_64 | 2.0.2 | 44.00 | 314.00 | 358.00 | OK | |
r-patched-linux-x86_64 | 2.0.2 | 50.80 | 110.19 | 160.99 | OK | --no-vignettes |
r-release-linux-x86_64 | 2.0.2 | 48.24 | 109.00 | 157.24 | OK | --no-vignettes |
r-release-macos-arm64 | 2.0.2 | 130.00 | OK | |||
r-release-macos-x86_64 | 2.0.2 | 315.00 | OK | |||
r-release-windows-x86_64 | 2.0.2 | 45.00 | 313.00 | 358.00 | OK | |
r-oldrel-macos-arm64 | 2.0.2 | 131.00 | NOTE | |||
r-oldrel-macos-x86_64 | 2.0.2 | 315.00 | NOTE | |||
r-oldrel-windows-x86_64 | 2.0.2 | 51.00 | 433.00 | 484.00 | OK |
Version: 2.0.2
Check: installed package size
Result: NOTE
installed size is 31.0Mb
sub-directories of 1Mb or more:
doc 1.5Mb
libs 28.9Mb
Flavors: r-oldrel-macos-arm64, r-oldrel-macos-x86_64