Last updated on 2025-04-30 04:50:21 CEST.
Flavor | Version | Tinstall | Tcheck | Ttotal | Status | Flags |
---|---|---|---|---|---|---|
r-devel-linux-x86_64-debian-clang | 0.2.0 | 10.45 | 194.59 | 205.04 | NOTE | |
r-devel-linux-x86_64-debian-gcc | 0.2.0 | 7.55 | 129.63 | 137.18 | NOTE | |
r-devel-linux-x86_64-fedora-clang | 0.2.0 | 321.51 | OK | |||
r-devel-linux-x86_64-fedora-gcc | 0.2.0 | 314.73 | OK | |||
r-devel-windows-x86_64 | 0.2.0 | 14.00 | 173.00 | 187.00 | OK | |
r-patched-linux-x86_64 | 0.2.0 | 9.25 | 171.56 | 180.81 | OK | |
r-release-linux-x86_64 | 0.2.0 | 8.38 | 169.40 | 177.78 | OK | |
r-release-macos-arm64 | 0.2.0 | 80.00 | OK | |||
r-release-macos-x86_64 | 0.2.0 | 146.00 | OK | |||
r-release-windows-x86_64 | 0.2.0 | 12.00 | 183.00 | 195.00 | OK | |
r-oldrel-macos-arm64 | 0.2.0 | 63.00 | OK | |||
r-oldrel-macos-x86_64 | 0.2.0 | 105.00 | OK | |||
r-oldrel-windows-x86_64 | 0.2.0 | 16.00 | 233.00 | 249.00 | OK |
Version: 0.2.0
Check: examples
Result: NOTE
Examples with CPU (user + system) or elapsed time > 5s
user system elapsed
survcompare2 16.081 0.950 8.141
survsrf_train 5.578 0.295 2.710
survsrfstack_train 5.350 0.227 2.650
Flavor: r-devel-linux-x86_64-debian-clang
Version: 0.2.0
Check: examples
Result: NOTE
Examples with CPU (user + system) or elapsed time > 5s
user system elapsed
survcompare2 8.595 0.134 6.576
Flavor: r-devel-linux-x86_64-debian-gcc