Last updated on 2025-04-30 04:50:21 CEST.
Flavor | Version | Tinstall | Tcheck | Ttotal | Status | Flags |
---|---|---|---|---|---|---|
r-devel-linux-x86_64-debian-clang | 0.3.0 | 237.14 | 261.96 | 499.10 | NOTE | |
r-devel-linux-x86_64-debian-gcc | 0.3.0 | 237.94 | 203.83 | 441.77 | NOTE | |
r-devel-linux-x86_64-fedora-clang | 0.3.0 | 858.00 | NOTE | |||
r-devel-linux-x86_64-fedora-gcc | 0.3.0 | 996.82 | NOTE | |||
r-devel-windows-x86_64 | 0.3.0 | 264.00 | 315.00 | 579.00 | OK | |
r-patched-linux-x86_64 | 0.3.0 | 282.54 | 277.93 | 560.47 | OK | |
r-release-linux-x86_64 | 0.3.0 | 285.65 | 286.72 | 572.37 | OK | |
r-release-macos-arm64 | 0.3.0 | 196.00 | OK | |||
r-release-macos-x86_64 | 0.3.0 | 335.00 | OK | |||
r-release-windows-x86_64 | 0.3.0 | 279.00 | 313.00 | 592.00 | OK | |
r-oldrel-macos-arm64 | 0.3.0 | 114.00 | NOTE | |||
r-oldrel-macos-x86_64 | 0.3.0 | 179.00 | NOTE | |||
r-oldrel-windows-x86_64 | 0.3.0 | 303.00 | 397.00 | 700.00 | NOTE |
Version: 0.3.0
Check: examples
Result: NOTE
Examples with CPU (user + system) or elapsed time > 5s
user system elapsed
apc 6.292 0.078 8.151
plot.surveil 4.114 0.036 6.038
standardize 4.061 0.057 5.706
Flavor: r-devel-linux-x86_64-debian-clang
Version: 0.3.0
Check: examples
Result: NOTE
Examples with CPU (user + system) or elapsed time > 5s
user system elapsed
apc 3.956 0.21 5.143
Flavor: r-devel-linux-x86_64-debian-gcc
Version: 0.3.0
Check: dependencies in R code
Result: NOTE
Namespaces in Imports field not imported from:
‘RcppParallel’ ‘rstantools’
All declared Imports should be used.
Flavors: r-devel-linux-x86_64-fedora-clang, r-devel-linux-x86_64-fedora-gcc
Version: 0.3.0
Check: installed package size
Result: NOTE
installed size is 63.5Mb
sub-directories of 1Mb or more:
libs 62.3Mb
Flavors: r-oldrel-macos-arm64, r-oldrel-macos-x86_64
Version: 0.3.0
Check: for GNU extensions in Makefiles
Result: NOTE
GNU make is a SystemRequirements.
Flavors: r-oldrel-macos-arm64, r-oldrel-macos-x86_64, r-oldrel-windows-x86_64