Last updated on 2025-04-30 04:50:21 CEST.
Flavor | Version | Tinstall | Tcheck | Ttotal | Status | Flags |
---|---|---|---|---|---|---|
r-devel-linux-x86_64-debian-clang | 1.24.1 | 40.79 | 457.23 | 498.02 | NOTE | |
r-devel-linux-x86_64-debian-gcc | 1.24.1 | 26.35 | 315.14 | 341.49 | OK | |
r-devel-linux-x86_64-fedora-clang | 1.24.1 | 799.65 | OK | |||
r-devel-linux-x86_64-fedora-gcc | 1.24.1 | 809.66 | OK | |||
r-devel-windows-x86_64 | 1.24.1 | 45.00 | 331.00 | 376.00 | OK | --no-vignettes |
r-patched-linux-x86_64 | 1.24.1 | 46.81 | 429.58 | 476.39 | OK | |
r-release-linux-x86_64 | 1.24.1 | 40.79 | 427.11 | 467.90 | OK | |
r-release-macos-arm64 | 1.24.1 | 266.00 | OK | |||
r-release-macos-x86_64 | 1.24.1 | 510.00 | OK | |||
r-release-windows-x86_64 | 1.24.1 | 44.00 | 324.00 | 368.00 | OK | --no-vignettes |
r-oldrel-macos-arm64 | 1.24.1 | 241.00 | NOTE | |||
r-oldrel-macos-x86_64 | 1.24.1 | 425.00 | NOTE | |||
r-oldrel-windows-x86_64 | 1.24.1 | 57.00 | 427.00 | 484.00 | NOTE | --no-vignettes |
Version: 1.24.1
Check: examples
Result: NOTE
Examples with CPU (user + system) or elapsed time > 5s
user system elapsed
epidataCS_plot 4.26 0.062 5.374
Flavor: r-devel-linux-x86_64-debian-clang
Version: 1.24.1
Check: package dependencies
Result: NOTE
Package suggested but not available for checking: ‘INLA’
Flavors: r-oldrel-macos-arm64, r-oldrel-macos-x86_64
Version: 1.24.1
Check: installed package size
Result: NOTE
installed size is 7.0Mb
sub-directories of 1Mb or more:
R 2.1Mb
doc 2.3Mb
Flavors: r-oldrel-macos-arm64, r-oldrel-macos-x86_64
Version: 1.24.1
Flags: --no-vignettes
Check: installed package size
Result: NOTE
installed size is 6.5Mb
sub-directories of 1Mb or more:
R 1.7Mb
doc 2.3Mb
Flavor: r-oldrel-windows-x86_64