CRAN Package Check Results for Package survey

Last updated on 2025-02-22 05:51:53 CET.

Flavor Version Tinstall Tcheck Ttotal Status Flags
r-devel-linux-x86_64-debian-clang 4.4-2 48.65 356.09 404.74 NOTE
r-devel-linux-x86_64-debian-gcc 4.4-2 33.36 245.18 278.54 NOTE
r-devel-linux-x86_64-fedora-clang 4.4-2 709.18 OK
r-devel-linux-x86_64-fedora-gcc 4.4-2 681.02 OK
r-devel-macos-arm64 4.4-2 174.00 OK
r-devel-macos-x86_64 4.4-2 501.00 OK
r-devel-windows-x86_64 4.4-2 49.00 411.00 460.00 NOTE
r-patched-linux-x86_64 4.4-2 43.20 332.61 375.81 OK
r-release-linux-x86_64 4.4-2 45.98 332.64 378.62 OK
r-release-macos-arm64 4.4-2 171.00 NOTE
r-release-macos-x86_64 4.4-2 376.00 NOTE
r-release-windows-x86_64 4.4-2 51.00 415.00 466.00 OK
r-oldrel-macos-arm64 4.4-2 192.00 NOTE
r-oldrel-macos-x86_64 4.4-2 543.00 NOTE
r-oldrel-windows-x86_64 4.4-2 63.00 510.00 573.00 OK

Check Details

Version: 4.4-2
Check: Rd cross-references
Result: NOTE Found the following Rd file(s) with Rd \link{} targets missing package anchors: svycoplot.Rd: xyplot svycoxph.Rd: coxph, predict.coxph Please provide package anchors for all Rd \link{} targets not in the package itself and the base packages. Flavors: r-devel-linux-x86_64-debian-clang, r-devel-linux-x86_64-debian-gcc, r-devel-windows-x86_64

Version: 4.4-2
Check: installed package size
Result: NOTE installed size is 6.8Mb sub-directories of 1Mb or more: R 2.1Mb doc 1.5Mb libs 2.0Mb Flavors: r-release-macos-arm64, r-release-macos-x86_64, r-oldrel-macos-arm64, r-oldrel-macos-x86_64