Last updated on 2025-04-30 04:50:21 CEST.
Flavor | Version | Tinstall | Tcheck | Ttotal | Status | Flags |
---|---|---|---|---|---|---|
r-devel-linux-x86_64-debian-clang | 1.0.0 | 47.45 | 354.16 | 401.61 | NOTE | |
r-devel-linux-x86_64-debian-gcc | 1.0.0 | 33.79 | 228.01 | 261.80 | NOTE | |
r-devel-linux-x86_64-fedora-clang | 1.0.0 | 651.40 | OK | |||
r-devel-linux-x86_64-fedora-gcc | 1.0.0 | 648.94 | OK | |||
r-devel-windows-x86_64 | 1.0.0 | 43.00 | 300.00 | 343.00 | OK | |
r-patched-linux-x86_64 | 1.0.0 | 45.55 | 332.86 | 378.41 | OK | |
r-release-linux-x86_64 | 1.0.0 | 43.38 | 332.76 | 376.14 | OK | |
r-release-macos-arm64 | 1.0.0 | 146.00 | OK | |||
r-release-macos-x86_64 | 1.0.0 | 288.00 | OK | |||
r-release-windows-x86_64 | 1.0.0 | 44.00 | 278.00 | 322.00 | OK | |
r-oldrel-macos-arm64 | 1.0.0 | 136.00 | NOTE | |||
r-oldrel-macos-x86_64 | 1.0.0 | 212.00 | NOTE | |||
r-oldrel-windows-x86_64 | 1.0.0 | 59.00 | 390.00 | 449.00 | NOTE |
Version: 1.0.0
Check: examples
Result: NOTE
Examples with CPU (user + system) or elapsed time > 5s
user system elapsed
adminInfo 4.458 0.051 5.382
Flavor: r-devel-linux-x86_64-debian-clang
Version: 1.0.0
Check: examples
Result: NOTE
Examples with CPU (user + system) or elapsed time > 5s
user system elapsed
adminInfo 5.899 0.172 8.346
Flavor: r-devel-linux-x86_64-debian-gcc
Version: 1.0.0
Check: package dependencies
Result: NOTE
Package suggested but not available for checking: ‘INLA’
Flavors: r-oldrel-macos-arm64, r-oldrel-macos-x86_64
Version: 1.0.0
Check: installed package size
Result: NOTE
installed size is 5.9Mb
sub-directories of 1Mb or more:
data 3.0Mb
doc 2.5Mb
Flavors: r-oldrel-macos-arm64, r-oldrel-macos-x86_64, r-oldrel-windows-x86_64