CRAN Package Check Results for Package survival

Last updated on 2025-04-30 04:50:21 CEST.

Flavor Version Tinstall Tcheck Ttotal Status Flags
r-devel-linux-x86_64-debian-clang 3.8-3 60.48 557.66 618.14 OK
r-devel-linux-x86_64-debian-gcc 3.8-3 43.65 408.69 452.34 OK
r-devel-linux-x86_64-fedora-clang 3.8-3 983.41 OK
r-devel-linux-x86_64-fedora-gcc 3.8-3 982.02 OK
r-devel-windows-x86_64 3.8-3 90.00 666.00 756.00 OK
r-patched-linux-x86_64 3.8-3 64.80 538.66 603.46 OK
r-release-linux-x86_64 3.8-3 60.74 533.92 594.66 OK
r-release-macos-arm64 3.8-3 326.00 OK
r-release-macos-x86_64 3.8-3 736.00 OK
r-release-windows-x86_64 3.8-3 89.00 764.00 853.00 OK
r-oldrel-macos-arm64 3.8-3 287.00 NOTE
r-oldrel-macos-x86_64 3.8-3 652.00 NOTE
r-oldrel-windows-x86_64 3.8-3 105.00 850.00 955.00 NOTE

Check Details

Version: 3.8-3
Check: installed package size
Result: NOTE installed size is 11.0Mb sub-directories of 1Mb or more: R 2.0Mb data 2.3Mb doc 5.3Mb Flavors: r-oldrel-macos-arm64, r-oldrel-macos-x86_64, r-oldrel-windows-x86_64