CRAN Package Check Results for Package survival.svb

Last updated on 2025-04-30 04:50:21 CEST.

Flavor Version Tinstall Tcheck Ttotal Status Flags
r-devel-linux-x86_64-debian-clang 0.0-2 28.78 26.18 54.96 NOTE
r-devel-linux-x86_64-debian-gcc 0.0-2 20.21 21.83 42.04 NOTE
r-devel-linux-x86_64-fedora-clang 0.0-2 109.21 NOTE
r-devel-linux-x86_64-fedora-gcc 0.0-2 93.30 NOTE
r-devel-windows-x86_64 0.0-2 36.00 72.00 108.00 NOTE
r-patched-linux-x86_64 0.0-2 28.06 24.63 52.69 NOTE
r-release-linux-x86_64 0.0-2 29.16 24.75 53.91 NOTE
r-release-macos-arm64 0.0-2 42.00 NOTE
r-release-macos-x86_64 0.0-2 46.00 NOTE
r-release-windows-x86_64 0.0-2 36.00 66.00 102.00 NOTE
r-oldrel-macos-arm64 0.0-2 31.00 NOTE
r-oldrel-macos-x86_64 0.0-2 46.00 NOTE
r-oldrel-windows-x86_64 0.0-2 37.00 74.00 111.00 NOTE

Check Details

Version: 0.0-2
Check: CRAN incoming feasibility
Result: NOTE Maintainer: ‘Michael Komodromos <mk1019@ic.ac.uk>’ No Authors@R field in DESCRIPTION. Please add one, modifying Authors@R: person(given = "Michael", family = "Komodromos", role = c("aut", "cre"), email = "mk1019@ic.ac.uk") as necessary. The Description field contains information see Komodromos et al. (2021) <arXiv:2112.10270>. Please refer to arXiv e-prints via their arXiv DOI <doi:10.48550/arXiv.YYMM.NNNNN>. Flavors: r-devel-linux-x86_64-debian-clang, r-devel-linux-x86_64-debian-gcc

Version: 0.0-2
Check: C++ specification
Result: NOTE Specified C++11: please drop specification unless essential Flavors: r-devel-linux-x86_64-debian-clang, r-devel-linux-x86_64-debian-gcc, r-devel-linux-x86_64-fedora-clang, r-devel-linux-x86_64-fedora-gcc, r-devel-windows-x86_64, r-patched-linux-x86_64, r-release-linux-x86_64, r-release-macos-arm64, r-release-macos-x86_64, r-release-windows-x86_64, r-oldrel-macos-arm64, r-oldrel-macos-x86_64, r-oldrel-windows-x86_64