Last updated on 2025-04-30 04:50:21 CEST.
Flavor | Version | Tinstall | Tcheck | Ttotal | Status | Flags |
---|---|---|---|---|---|---|
r-devel-linux-x86_64-debian-clang | 0.97.1 | 21.90 | 185.95 | 207.85 | NOTE | |
r-devel-linux-x86_64-debian-gcc | 0.97.1 | 15.00 | 120.12 | 135.12 | OK | |
r-devel-linux-x86_64-fedora-clang | 0.97.1 | 323.39 | OK | |||
r-devel-linux-x86_64-fedora-gcc | 0.97.1 | 303.28 | OK | |||
r-devel-windows-x86_64 | 0.97.1 | 21.00 | 188.00 | 209.00 | OK | |
r-patched-linux-x86_64 | 0.97.1 | 21.77 | 173.34 | 195.11 | OK | |
r-release-linux-x86_64 | 0.97.1 | 19.62 | 174.00 | 193.62 | OK | |
r-release-macos-arm64 | 0.97.1 | 83.00 | OK | |||
r-release-macos-x86_64 | 0.97.1 | 148.00 | OK | |||
r-release-windows-x86_64 | 0.97.1 | 22.00 | 197.00 | 219.00 | OK | |
r-oldrel-macos-arm64 | 0.97.1 | 81.00 | OK | |||
r-oldrel-macos-x86_64 | 0.97.1 | 165.00 | OK | |||
r-oldrel-windows-x86_64 | 0.97.1 | 28.00 | 244.00 | 272.00 | OK |
Version: 0.97.1
Check: examples
Result: NOTE
Examples with CPU (user + system) or elapsed time > 5s
user system elapsed
tunePHspline 8.295 0.014 10.727
survivalSL 4.517 0.056 6.245
Flavor: r-devel-linux-x86_64-debian-clang