Last updated on 2025-04-30 04:50:21 CEST.
Flavor | Version | Tinstall | Tcheck | Ttotal | Status | Flags |
---|---|---|---|---|---|---|
r-devel-linux-x86_64-debian-clang | 1.1.8 | 7.79 | 68.61 | 76.40 | NOTE | |
r-devel-linux-x86_64-debian-gcc | 1.1.8 | 5.51 | 48.37 | 53.88 | NOTE | |
r-devel-linux-x86_64-fedora-clang | 1.1.8 | 122.61 | OK | |||
r-devel-linux-x86_64-fedora-gcc | 1.1.8 | 113.71 | OK | |||
r-devel-windows-x86_64 | 1.1.8 | 8.00 | 90.00 | 98.00 | OK | |
r-patched-linux-x86_64 | 1.1.8 | 8.05 | 65.76 | 73.81 | OK | |
r-release-linux-x86_64 | 1.1.8 | 7.49 | 64.80 | 72.29 | OK | |
r-release-macos-arm64 | 1.1.8 | 39.00 | OK | |||
r-release-macos-x86_64 | 1.1.8 | 64.00 | OK | |||
r-release-windows-x86_64 | 1.1.8 | 8.00 | 85.00 | 93.00 | OK | |
r-oldrel-macos-arm64 | 1.1.8 | 34.00 | OK | |||
r-oldrel-macos-x86_64 | 1.1.8 | 52.00 | OK | |||
r-oldrel-windows-x86_64 | 1.1.8 | 10.00 | 94.00 | 104.00 | OK |
Version: 1.1.8
Check: CRAN incoming feasibility
Result: NOTE
Maintainer: ‘David Moriña Soler <dmorina@ub.edu>’
Package CITATION file contains call(s) to old-style personList() or
as.personList(). Please use c() on person objects instead.
Package CITATION file contains call(s) to old-style citEntry(). Please
use bibentry() instead.
Flavors: r-devel-linux-x86_64-debian-clang, r-devel-linux-x86_64-debian-gcc