Last updated on 2025-04-30 04:50:21 CEST.
Flavor | Version | Tinstall | Tcheck | Ttotal | Status | Flags |
---|---|---|---|---|---|---|
r-devel-linux-x86_64-debian-clang | 0.12.35 | 13.44 | 261.15 | 274.59 | NOTE | |
r-devel-linux-x86_64-debian-gcc | 0.12.35 | 9.72 | 191.44 | 201.16 | NOTE | |
r-devel-linux-x86_64-fedora-clang | 0.12.35 | 439.04 | OK | |||
r-devel-linux-x86_64-fedora-gcc | 0.12.35 | 454.94 | OK | |||
r-devel-windows-x86_64 | 0.12.35 | 17.00 | 347.00 | 364.00 | OK | |
r-patched-linux-x86_64 | 0.12.35 | 15.43 | 265.02 | 280.45 | OK | |
r-release-linux-x86_64 | 0.12.35 | 14.47 | 263.56 | 278.03 | OK | |
r-release-macos-arm64 | 0.12.35 | 170.00 | OK | |||
r-release-macos-x86_64 | 0.12.35 | 303.00 | OK | |||
r-release-windows-x86_64 | 0.12.35 | 16.00 | 340.00 | 356.00 | OK | |
r-oldrel-macos-arm64 | 0.12.35 | 151.00 | OK | |||
r-oldrel-macos-x86_64 | 0.12.35 | 227.00 | OK | |||
r-oldrel-windows-x86_64 | 0.12.35 | 20.00 | 400.00 | 420.00 | OK |
Version: 0.12.35
Check: examples
Result: NOTE
Examples with CPU (user + system) or elapsed time > 5s
user system elapsed
kriging_rss 4.107 0.086 5.084
Flavor: r-devel-linux-x86_64-debian-clang
Version: 0.12.35
Check: examples
Result: NOTE
Examples with CPU (user + system) or elapsed time > 5s
user system elapsed
kriging_rss 4.009 0.047 5.301
Flavor: r-devel-linux-x86_64-debian-gcc