CRAN Package Check Results for Package svIDE

Last updated on 2025-04-30 04:50:21 CEST.

Flavor Version Tinstall Tcheck Ttotal Status Flags
r-devel-linux-x86_64-debian-clang 0.9-54 4.59 36.60 41.19 NOTE
r-devel-linux-x86_64-debian-gcc 0.9-54 4.20 29.09 33.29 NOTE
r-devel-linux-x86_64-fedora-clang 0.9-54 70.36 OK
r-devel-linux-x86_64-fedora-gcc 0.9-54 65.04 OK
r-devel-windows-x86_64 0.9-54 6.00 63.00 69.00 OK
r-patched-linux-x86_64 0.9-54 5.04 35.63 40.67 OK
r-release-linux-x86_64 0.9-54 4.46 35.45 39.91 OK
r-release-macos-arm64 0.9-54 37.00 OK
r-release-macos-x86_64 0.9-54 44.00 OK
r-release-windows-x86_64 0.9-54 4.00 58.00 62.00 OK
r-oldrel-macos-arm64 0.9-54 29.00 OK
r-oldrel-macos-x86_64 0.9-54 37.00 OK
r-oldrel-windows-x86_64 0.9-54 5.00 57.00 62.00 OK

Check Details

Version: 0.9-54
Check: CRAN incoming feasibility
Result: NOTE Maintainer: ‘Philippe Grosjean <phgrosjean@sciviews.org>’ Package CITATION file contains call(s) to old-style personList() or as.personList(). Please use c() on person objects instead. Package CITATION file contains call(s) to old-style citEntry(). Please use bibentry() instead. Found the following \keyword or \concept entries which likely give several index terms: File ‘createSyntaxFile.Rd’: \concept{ Syntax highlighting, code coloring } File ‘guiDDEInstall.Rd’: \concept{ Interprocess DDE communication, call tip [TRUNCATED] File ‘svIDE-package.Rd’: \concept{ GUI API IDE and code editor, language sy [TRUNCATED] Flavors: r-devel-linux-x86_64-debian-clang, r-devel-linux-x86_64-debian-gcc