CRAN Package Check Results for Package svWidgets

Last updated on 2025-04-30 04:50:21 CEST.

Flavor Version Tinstall Tcheck Ttotal Status Flags
r-devel-linux-x86_64-debian-clang 0.9-45 4.21 30.57 34.78 NOTE
r-devel-linux-x86_64-debian-gcc 0.9-45 3.37 24.55 27.92 NOTE
r-devel-linux-x86_64-fedora-clang 0.9-45 58.28 OK
r-devel-linux-x86_64-fedora-gcc 0.9-45 55.72 OK
r-devel-windows-x86_64 0.9-45 5.00 61.00 66.00 OK
r-patched-linux-x86_64 0.9-45 4.21 29.30 33.51 OK
r-release-linux-x86_64 0.9-45 4.26 29.42 33.68 OK
r-release-macos-arm64 0.9-45 31.00 OK
r-release-macos-x86_64 0.9-45 37.00 OK
r-release-windows-x86_64 0.9-45 4.00 54.00 58.00 OK
r-oldrel-macos-arm64 0.9-45 22.00 OK
r-oldrel-macos-x86_64 0.9-45 30.00 OK
r-oldrel-windows-x86_64 0.9-45 5.00 54.00 59.00 OK

Check Details

Version: 0.9-45
Check: CRAN incoming feasibility
Result: NOTE Maintainer: ‘Philippe Grosjean <phgrosjean@sciviews.org>’ Package CITATION file contains call(s) to old-style personList() or as.personList(). Please use c() on person objects instead. Package CITATION file contains call(s) to old-style citEntry(). Please use bibentry() instead. Flavors: r-devel-linux-x86_64-debian-clang, r-devel-linux-x86_64-debian-gcc