Last updated on 2025-11-03 03:49:58 CET.
| Flavor | Version | Tinstall | Tcheck | Ttotal | Status | Flags |
|---|---|---|---|---|---|---|
| r-devel-linux-x86_64-debian-clang | 1.3.12 | 109.39 | 196.32 | 305.71 | OK | |
| r-devel-linux-x86_64-debian-gcc | 1.3.12 | 71.92 | 137.43 | 209.35 | OK | |
| r-devel-linux-x86_64-fedora-clang | 1.3.12 | 180.00 | 323.70 | 503.70 | OK | |
| r-devel-linux-x86_64-fedora-gcc | 1.3.12 | 155.00 | 336.09 | 491.09 | OK | |
| r-devel-windows-x86_64 | 1.3.12 | 121.00 | 215.00 | 336.00 | OK | |
| r-patched-linux-x86_64 | 1.3.12 | 107.14 | 186.10 | 293.24 | OK | |
| r-release-linux-x86_64 | 1.3.12 | 105.26 | 186.68 | 291.94 | OK | |
| r-release-macos-arm64 | 1.3.12 | 31.00 | 70.00 | 101.00 | OK | |
| r-release-macos-x86_64 | 1.3.12 | 45.00 | 238.00 | 283.00 | OK | |
| r-release-windows-x86_64 | 1.3.12 | 121.00 | 213.00 | 334.00 | OK | |
| r-oldrel-macos-arm64 | 1.3.12 | 37.00 | 81.00 | 118.00 | NOTE | |
| r-oldrel-macos-x86_64 | 1.3.12 | 48.00 | 151.00 | 199.00 | NOTE | |
| r-oldrel-windows-x86_64 | 1.3.12 | 146.00 | 272.00 | 418.00 | OK |
Version: 1.3.12
Check: installed package size
Result: NOTE
installed size is 9.0Mb
sub-directories of 1Mb or more:
help 1.1Mb
libs 7.2Mb
Flavors: r-oldrel-macos-arm64, r-oldrel-macos-x86_64