CRAN Package Check Results for Package svars

Last updated on 2025-04-30 04:50:21 CEST.

Flavor Version Tinstall Tcheck Ttotal Status Flags
r-devel-linux-x86_64-debian-clang 1.3.11 111.74 180.07 291.81 NOTE
r-devel-linux-x86_64-debian-gcc 1.3.11 76.19 124.33 200.52 NOTE
r-devel-linux-x86_64-fedora-clang 1.3.11 509.09 OK
r-devel-linux-x86_64-fedora-gcc 1.3.11 490.26 OK
r-devel-windows-x86_64 1.3.11 120.00 217.00 337.00 NOTE
r-patched-linux-x86_64 1.3.11 107.26 172.25 279.51 NOTE
r-release-linux-x86_64 1.3.11 102.98 171.47 274.45 NOTE
r-release-macos-arm64 1.3.11 119.00 OK
r-release-macos-x86_64 1.3.11 203.00 OK
r-release-windows-x86_64 1.3.11 119.00 213.00 332.00 NOTE
r-oldrel-macos-arm64 1.3.11 118.00 NOTE
r-oldrel-macos-x86_64 1.3.11 163.00 NOTE
r-oldrel-windows-x86_64 1.3.11 134.00 273.00 407.00 OK

Check Details

Version: 1.3.11
Check: Rd cross-references
Result: NOTE Found the following Rd file(s) with Rd \link{} targets missing package anchors: stability.Rd: VAR Please provide package anchors for all Rd \link{} targets not in the package itself and the base packages. Flavors: r-devel-linux-x86_64-debian-clang, r-devel-linux-x86_64-debian-gcc, r-devel-windows-x86_64, r-patched-linux-x86_64, r-release-linux-x86_64, r-release-windows-x86_64

Version: 1.3.11
Check: installed package size
Result: NOTE installed size is 8.6Mb sub-directories of 1Mb or more: help 1.0Mb libs 6.9Mb Flavors: r-oldrel-macos-arm64, r-oldrel-macos-x86_64