Last updated on 2025-02-21 03:52:28 CET.
Flavor | Version | Tinstall | Tcheck | Ttotal | Status | Flags |
---|---|---|---|---|---|---|
r-devel-linux-x86_64-debian-clang | 1.3.11 | 109.91 | 175.80 | 285.71 | NOTE | |
r-devel-linux-x86_64-debian-gcc | 1.3.11 | 75.06 | 122.31 | 197.37 | NOTE | |
r-devel-linux-x86_64-fedora-clang | 1.3.11 | 537.94 | OK | |||
r-devel-linux-x86_64-fedora-gcc | 1.3.11 | 538.22 | OK | |||
r-devel-macos-arm64 | 1.3.11 | 118.00 | OK | |||
r-devel-macos-x86_64 | 1.3.11 | 222.00 | OK | |||
r-devel-windows-x86_64 | 1.3.11 | 107.00 | 204.00 | 311.00 | NOTE | |
r-patched-linux-x86_64 | 1.3.11 | 116.32 | 163.27 | 279.59 | OK | |
r-release-linux-x86_64 | 1.3.11 | 103.84 | 163.29 | 267.13 | OK | |
r-release-macos-arm64 | 1.3.11 | 118.00 | NOTE | |||
r-release-macos-x86_64 | 1.3.11 | 163.00 | NOTE | |||
r-release-windows-x86_64 | 1.3.11 | 108.00 | 207.00 | 315.00 | OK | |
r-oldrel-macos-arm64 | 1.3.11 | 149.00 | NOTE | |||
r-oldrel-macos-x86_64 | 1.3.11 | 239.00 | NOTE | |||
r-oldrel-windows-x86_64 | 1.3.11 | 133.00 | 251.00 | 384.00 | OK |
Version: 1.3.11
Check: Rd cross-references
Result: NOTE
Found the following Rd file(s) with Rd \link{} targets missing package
anchors:
stability.Rd: VAR
Please provide package anchors for all Rd \link{} targets not in the
package itself and the base packages.
Flavors: r-devel-linux-x86_64-debian-clang, r-devel-linux-x86_64-debian-gcc, r-devel-windows-x86_64
Version: 1.3.11
Check: installed package size
Result: NOTE
installed size is 8.6Mb
sub-directories of 1Mb or more:
help 1.0Mb
libs 6.9Mb
Flavors: r-release-macos-arm64, r-release-macos-x86_64, r-oldrel-macos-arm64, r-oldrel-macos-x86_64