Last updated on 2025-04-30 04:50:21 CEST.
Flavor | Version | Tinstall | Tcheck | Ttotal | Status | Flags |
---|---|---|---|---|---|---|
r-devel-linux-x86_64-debian-clang | 0.2.4 | 113.75 | 56.10 | 169.85 | NOTE | |
r-devel-linux-x86_64-debian-gcc | 0.2.4 | 101.24 | 48.86 | 150.10 | NOTE | |
r-devel-linux-x86_64-fedora-clang | 0.2.4 | 283.08 | OK | |||
r-devel-linux-x86_64-fedora-gcc | 0.2.4 | 366.55 | OK | |||
r-devel-windows-x86_64 | 0.2.4 | 128.00 | 133.00 | 261.00 | OK | |
r-patched-linux-x86_64 | 0.2.4 | 129.44 | 65.32 | 194.76 | OK | |
r-release-linux-x86_64 | 0.2.4 | 136.32 | 64.84 | 201.16 | OK | |
r-release-macos-arm64 | 0.2.4 | 119.00 | OK | |||
r-release-macos-x86_64 | 0.2.4 | 166.00 | OK | |||
r-release-windows-x86_64 | 0.2.4 | 131.00 | 131.00 | 262.00 | OK | |
r-oldrel-macos-arm64 | 0.2.4 | 85.00 | NOTE | |||
r-oldrel-macos-x86_64 | 0.2.4 | 161.00 | NOTE | |||
r-oldrel-windows-x86_64 | 0.2.4 | 139.00 | 144.00 | 283.00 | NOTE |
Version: 0.2.4
Check: examples
Result: NOTE
Examples with CPU (user + system) or elapsed time > 5s
user system elapsed
svine 5.904 0.444 9.175
Flavor: r-devel-linux-x86_64-debian-clang
Version: 0.2.4
Check: examples
Result: NOTE
Examples with CPU (user + system) or elapsed time > 5s
user system elapsed
svine 3.95 0.339 5.643
Flavor: r-devel-linux-x86_64-debian-gcc
Version: 0.2.4
Check: installed package size
Result: NOTE
installed size is 45.9Mb
sub-directories of 1Mb or more:
libs 45.4Mb
Flavors: r-oldrel-macos-arm64, r-oldrel-macos-x86_64, r-oldrel-windows-x86_64