Last updated on 2025-04-30 04:50:21 CEST.
Flavor | Version | Tinstall | Tcheck | Ttotal | Status | Flags |
---|---|---|---|---|---|---|
r-devel-linux-x86_64-debian-clang | 1.0.0 | 6.87 | 84.55 | 91.42 | NOTE | |
r-devel-linux-x86_64-debian-gcc | 1.0.0 | 5.69 | 59.03 | 64.72 | NOTE | |
r-devel-linux-x86_64-fedora-clang | 1.0.0 | 145.20 | OK | |||
r-devel-linux-x86_64-fedora-gcc | 1.0.0 | 147.61 | OK | |||
r-devel-windows-x86_64 | 1.0.0 | 9.00 | 103.00 | 112.00 | OK | |
r-patched-linux-x86_64 | 1.0.0 | 7.43 | 78.43 | 85.86 | OK | |
r-release-linux-x86_64 | 1.0.0 | 8.00 | 78.82 | 86.82 | OK | |
r-release-macos-arm64 | 1.0.0 | 59.00 | OK | |||
r-release-macos-x86_64 | 1.0.0 | 79.00 | OK | |||
r-release-windows-x86_64 | 1.0.0 | 9.00 | 109.00 | 118.00 | OK | |
r-oldrel-macos-arm64 | 1.0.0 | 40.00 | OK | |||
r-oldrel-macos-x86_64 | 1.0.0 | 110.00 | OK | |||
r-oldrel-windows-x86_64 | 1.0.0 | 11.00 | 119.00 | 130.00 | OK |
Version: 1.0.0
Check: examples
Result: NOTE
Examples with CPU (user + system) or elapsed time > 5s
user system elapsed
corrected.wauc 7.757 0.34 10.237
wroc.plot 3.957 0.00 5.546
Flavor: r-devel-linux-x86_64-debian-clang
Version: 1.0.0
Check: examples
Result: NOTE
Examples with CPU (user + system) or elapsed time > 5s
user system elapsed
corrected.wauc 4.623 0.271 5.913
Flavor: r-devel-linux-x86_64-debian-gcc