Last updated on 2025-04-30 04:50:21 CEST.
Flavor | Version | Tinstall | Tcheck | Ttotal | Status | Flags |
---|---|---|---|---|---|---|
r-devel-linux-x86_64-debian-clang | 0.7 | 7.67 | 77.07 | 84.74 | NOTE | |
r-devel-linux-x86_64-debian-gcc | 0.7 | 5.63 | 55.55 | 61.18 | OK | |
r-devel-linux-x86_64-fedora-clang | 0.7 | 132.72 | OK | |||
r-devel-linux-x86_64-fedora-gcc | 0.7 | 129.67 | OK | |||
r-devel-windows-x86_64 | 0.7 | 8.00 | 87.00 | 95.00 | OK | |
r-patched-linux-x86_64 | 0.7 | 8.77 | 74.19 | 82.96 | OK | |
r-release-linux-x86_64 | 0.7 | 6.80 | 74.37 | 81.17 | OK | |
r-release-macos-arm64 | 0.7 | 46.00 | OK | |||
r-release-macos-x86_64 | 0.7 | 85.00 | OK | |||
r-release-windows-x86_64 | 0.7 | 10.00 | 92.00 | 102.00 | OK | |
r-oldrel-macos-arm64 | 0.7 | 43.00 | OK | |||
r-oldrel-macos-x86_64 | 0.7 | 73.00 | OK | |||
r-oldrel-windows-x86_64 | 0.7 | 10.00 | 108.00 | 118.00 | OK |
Version: 0.7
Check: examples
Result: NOTE
Examples with CPU (user + system) or elapsed time > 5s
user system elapsed
svyvif 4.746 1.059 6.67
Flavor: r-devel-linux-x86_64-debian-clang