CRAN Package Check Results for Package svylme

Last updated on 2025-04-30 04:50:21 CEST.

Flavor Version Tinstall Tcheck Ttotal Status Flags
r-devel-linux-x86_64-debian-clang 1.5-1 10.46 101.64 112.10 NOTE
r-devel-linux-x86_64-debian-gcc 1.5-1 6.78 73.68 80.46 NOTE
r-devel-linux-x86_64-fedora-clang 1.5-1 177.46 OK
r-devel-linux-x86_64-fedora-gcc 1.5-1 172.17 OK
r-devel-windows-x86_64 1.5-1 10.00 108.00 118.00 OK
r-patched-linux-x86_64 1.5-1 10.25 97.55 107.80 OK
r-release-linux-x86_64 1.5-1 8.31 95.87 104.18 OK
r-release-macos-arm64 1.5-1 61.00 OK
r-release-macos-x86_64 1.5-1 118.00 OK
r-release-windows-x86_64 1.5-1 10.00 111.00 121.00 OK
r-oldrel-macos-arm64 1.5-1 47.00 OK
r-oldrel-macos-x86_64 1.5-1 74.00 OK
r-oldrel-windows-x86_64 1.5-1 13.00 136.00 149.00 OK

Check Details

Version: 1.5-1
Check: CRAN incoming feasibility
Result: NOTE Maintainer: ‘Thomas Lumley <t.lumley@auckland.ac.nz>’ The Description field contains likelihood, as described in Lumley & Huang (2023) <arXiv:2311.13048>. Please refer to arXiv e-prints via their arXiv DOI <doi:10.48550/arXiv.YYMM.NNNNN>. Flavors: r-devel-linux-x86_64-debian-clang, r-devel-linux-x86_64-debian-gcc

Version: 1.5-1
Check: examples
Result: NOTE Examples with CPU (user + system) or elapsed time > 5s user system elapsed boot2lme 9.987 0.277 12.967 milk_subset 6.739 0.132 9.296 Flavor: r-devel-linux-x86_64-debian-clang

Version: 1.5-1
Check: examples
Result: NOTE Examples with CPU (user + system) or elapsed time > 5s user system elapsed boot2lme 6.286 0.278 7.866 milk_subset 5.840 0.257 7.405 Flavor: r-devel-linux-x86_64-debian-gcc