CRAN Package Check Results for Package swa

Last updated on 2025-02-21 03:52:28 CET.

Flavor Version Tinstall Tcheck Ttotal Status Flags
r-devel-linux-x86_64-debian-clang 0.8.1 4.77 45.09 49.86 OK
r-devel-linux-x86_64-debian-gcc 0.8.1 3.88 33.07 36.95 OK
r-devel-linux-x86_64-fedora-clang 0.8.1 81.93 OK
r-devel-linux-x86_64-fedora-gcc 0.8.1 80.44 OK
r-devel-macos-arm64 0.8.1 28.00 OK
r-devel-macos-x86_64 0.8.1 50.00 OK
r-devel-windows-x86_64 0.8.1 7.00 73.00 80.00 OK
r-patched-linux-x86_64 0.8.1 4.12 41.05 45.17 NOTE
r-release-linux-x86_64 0.8.1 4.33 41.80 46.13 NOTE
r-release-macos-arm64 0.8.1 26.00 NOTE
r-release-macos-x86_64 0.8.1 39.00 NOTE
r-release-windows-x86_64 0.8.1 6.00 67.00 73.00 NOTE
r-oldrel-macos-arm64 0.8.1 29.00 NOTE
r-oldrel-macos-x86_64 0.8.1 43.00 NOTE
r-oldrel-windows-x86_64 0.8.1 7.00 91.00 98.00 NOTE

Check Details

Version: 0.8.1
Check: LazyData
Result: NOTE 'LazyData' is specified without a 'data' directory Flavors: r-patched-linux-x86_64, r-release-linux-x86_64, r-release-macos-arm64, r-release-macos-x86_64, r-release-windows-x86_64, r-oldrel-macos-arm64, r-oldrel-macos-x86_64, r-oldrel-windows-x86_64