Last updated on 2025-04-30 04:50:21 CEST.
Flavor | Version | Tinstall | Tcheck | Ttotal | Status | Flags |
---|---|---|---|---|---|---|
r-devel-linux-x86_64-debian-clang | 0.3.2 | 28.23 | 35.90 | 64.13 | OK | |
r-devel-linux-x86_64-debian-gcc | 0.3.2 | 24.26 | 28.11 | 52.37 | OK | |
r-devel-linux-x86_64-fedora-clang | 0.3.2 | 107.11 | OK | |||
r-devel-linux-x86_64-fedora-gcc | 0.3.2 | 133.63 | OK | |||
r-devel-windows-x86_64 | 0.3.2 | 52.00 | 85.00 | 137.00 | OK | |
r-patched-linux-x86_64 | 0.3.2 | 34.39 | 33.46 | 67.85 | OK | |
r-release-linux-x86_64 | 0.3.2 | 35.17 | 33.83 | 69.00 | OK | |
r-release-macos-arm64 | 0.3.2 | 51.00 | OK | |||
r-release-macos-x86_64 | 0.3.2 | 68.00 | OK | |||
r-release-windows-x86_64 | 0.3.2 | 52.00 | 86.00 | 138.00 | OK | |
r-oldrel-macos-arm64 | 0.3.2 | 63.00 | NOTE | |||
r-oldrel-macos-x86_64 | 0.3.2 | 110.00 | NOTE | |||
r-oldrel-windows-x86_64 | 0.3.2 | 56.00 | 92.00 | 148.00 | NOTE |
Version: 0.3.2
Check: package dependencies
Result: NOTE
Package suggested but not available for checking: ‘swephRdata’
Flavors: r-oldrel-macos-arm64, r-oldrel-macos-x86_64, r-oldrel-windows-x86_64