Last updated on 2025-11-04 03:51:10 CET.
| Flavor | Version | Tinstall | Tcheck | Ttotal | Status | Flags | 
|---|---|---|---|---|---|---|
| r-devel-linux-x86_64-debian-clang | 1.2.0 | 2.02 | 89.38 | 91.40 | NOTE | |
| r-devel-linux-x86_64-debian-gcc | 1.2.0 | 1.47 | 65.39 | 66.86 | NOTE | |
| r-devel-linux-x86_64-fedora-clang | 1.2.0 | 130.07 | OK | |||
| r-devel-linux-x86_64-fedora-gcc | 1.2.0 | 133.85 | OK | |||
| r-devel-windows-x86_64 | 1.2.0 | 4.00 | 78.00 | 82.00 | OK | |
| r-patched-linux-x86_64 | 1.2.0 | 2.25 | 86.72 | 88.97 | OK | |
| r-release-linux-x86_64 | 1.2.0 | 2.01 | 87.28 | 89.29 | OK | |
| r-release-macos-arm64 | 1.2.0 | 1.00 | 38.00 | 39.00 | OK | |
| r-release-macos-x86_64 | 1.2.0 | 2.00 | 66.00 | 68.00 | OK | |
| r-release-windows-x86_64 | 1.2.0 | 3.00 | 79.00 | 82.00 | OK | |
| r-oldrel-macos-arm64 | 1.2.0 | 1.00 | 34.00 | 35.00 | OK | |
| r-oldrel-macos-x86_64 | 1.2.0 | 2.00 | 51.00 | 53.00 | OK | |
| r-oldrel-windows-x86_64 | 1.2.0 | 6.00 | 101.00 | 107.00 | OK | 
Version: 1.2.0
Check: CRAN incoming feasibility
Result: NOTE
  Maintainer: ‘Jessica Weiss <jessica.weiss@uhnresearch.ca>’
  
  No Authors@R field in DESCRIPTION.
  Please add one, modifying
    Authors@R: c(person(given = "Jessica",
                        family = "Weiss",
                        role = c("aut", "cre"),
                        email = "jessica.weiss@uhnresearch.ca"),
                 person(given = "Wei",
                        family = "Xu",
                        role = "aut",
                        email = "Wei.Xu@uhnresearch.ca"))
  as necessary.
Flavors: r-devel-linux-x86_64-debian-clang, r-devel-linux-x86_64-debian-gcc