CRAN Package Check Results for Package switchboard

Last updated on 2025-04-30 04:50:21 CEST.

Flavor Version Tinstall Tcheck Ttotal Status Flags
r-devel-linux-x86_64-debian-clang 0.1 5.40 42.28 47.68 NOTE
r-devel-linux-x86_64-debian-gcc 0.1 4.65 31.94 36.59 NOTE
r-devel-linux-x86_64-fedora-clang 0.1 79.64 NOTE
r-devel-linux-x86_64-fedora-gcc 0.1 86.91 NOTE
r-devel-windows-x86_64 0.1 7.00 90.00 97.00 NOTE
r-patched-linux-x86_64 0.1 6.85 41.26 48.11 NOTE
r-release-linux-x86_64 0.1 5.35 41.16 46.51 NOTE
r-release-macos-arm64 0.1 48.00 NOTE
r-release-macos-x86_64 0.1 60.00 NOTE
r-release-windows-x86_64 0.1 6.00 80.00 86.00 NOTE
r-oldrel-macos-arm64 0.1 35.00 NOTE
r-oldrel-macos-x86_64 0.1 56.00 NOTE
r-oldrel-windows-x86_64 0.1 6.00 79.00 85.00 NOTE

Check Details

Version: 0.1
Check: package subdirectories
Result: NOTE Problems with news in ‘NEWS.md’: Cannot extract version info from the following section titles: pre-release switchboard (2020 - 2021) Flavors: r-devel-linux-x86_64-debian-clang, r-devel-linux-x86_64-debian-gcc, r-devel-linux-x86_64-fedora-clang, r-devel-linux-x86_64-fedora-gcc, r-devel-windows-x86_64, r-patched-linux-x86_64, r-release-linux-x86_64, r-release-macos-arm64, r-release-macos-x86_64, r-release-windows-x86_64, r-oldrel-macos-arm64, r-oldrel-macos-x86_64, r-oldrel-windows-x86_64