Last updated on 2025-04-30 04:50:21 CEST.
Flavor | Version | Tinstall | Tcheck | Ttotal | Status | Flags |
---|---|---|---|---|---|---|
r-devel-linux-x86_64-debian-clang | 1.1.0 | 89.55 | 113.62 | 203.17 | OK | |
r-devel-linux-x86_64-debian-gcc | 1.1.0 | 73.99 | 78.99 | 152.98 | OK | |
r-devel-linux-x86_64-fedora-clang | 1.1.0 | 345.53 | OK | |||
r-devel-linux-x86_64-fedora-gcc | 1.1.0 | 406.63 | OK | |||
r-devel-windows-x86_64 | 1.1.0 | 98.00 | 159.00 | 257.00 | OK | |
r-patched-linux-x86_64 | 1.1.0 | 101.37 | 106.58 | 207.95 | OK | |
r-release-linux-x86_64 | 1.1.0 | 94.36 | 105.66 | 200.02 | OK | |
r-release-macos-arm64 | 1.1.0 | 97.00 | OK | |||
r-release-macos-x86_64 | 1.1.0 | 204.00 | OK | |||
r-release-windows-x86_64 | 1.1.0 | 96.00 | 155.00 | 251.00 | OK | |
r-oldrel-macos-arm64 | 1.1.0 | 89.00 | NOTE | |||
r-oldrel-macos-x86_64 | 1.1.0 | 245.00 | NOTE | |||
r-oldrel-windows-x86_64 | 1.1.0 | 114.00 | 186.00 | 300.00 | OK |
Version: 1.1.0
Check: installed package size
Result: NOTE
installed size is 25.0Mb
sub-directories of 1Mb or more:
libs 24.3Mb
Flavors: r-oldrel-macos-arm64, r-oldrel-macos-x86_64