Last updated on 2025-04-30 04:50:21 CEST.
Flavor | Version | Tinstall | Tcheck | Ttotal | Status | Flags |
---|---|---|---|---|---|---|
r-devel-linux-x86_64-debian-clang | 0.2.3 | 113.17 | 32.76 | 145.93 | NOTE | |
r-devel-linux-x86_64-debian-gcc | 0.2.3 | 81.24 | 25.75 | 106.99 | NOTE | |
r-devel-linux-x86_64-fedora-clang | 0.2.3 | 316.49 | OK | |||
r-devel-linux-x86_64-fedora-gcc | 0.2.3 | 283.86 | OK | |||
r-devel-windows-x86_64 | 0.2.3 | 138.00 | 75.00 | 213.00 | OK | |
r-patched-linux-x86_64 | 0.2.3 | 117.99 | 31.98 | 149.97 | OK | |
r-release-linux-x86_64 | 0.2.3 | 117.03 | 31.87 | 148.90 | OK | |
r-release-macos-arm64 | 0.2.3 | 65.00 | OK | |||
r-release-macos-x86_64 | 0.2.3 | 79.00 | OK | |||
r-release-windows-x86_64 | 0.2.3 | 140.00 | 75.00 | 215.00 | OK | |
r-oldrel-macos-arm64 | 0.2.3 | 69.00 | OK | |||
r-oldrel-macos-x86_64 | 0.2.3 | 73.00 | OK | |||
r-oldrel-windows-x86_64 | 0.2.3 | 153.00 | 88.00 | 241.00 | OK |
Version: 0.2.3
Check: CRAN incoming feasibility
Result: NOTE
Maintainer: ‘Blagoje Ivanović <blagoje.ivanovic@matf.bg.ac.rs>’
No Authors@R field in DESCRIPTION.
Please add one, modifying
Authors@R: person(given = "Blagoje",
family = "Ivanović",
role = c("aut", "cre"),
email = "blagoje.ivanovic@matf.bg.ac.rs")
as necessary.
Flavors: r-devel-linux-x86_64-debian-clang, r-devel-linux-x86_64-debian-gcc