CRAN Package Check Results for Package symphony

Last updated on 2025-04-30 04:50:21 CEST.

Flavor Version Tinstall Tcheck Ttotal Status Flags
r-devel-linux-x86_64-debian-clang 0.1.1 39.82 109.87 149.69 NOTE
r-devel-linux-x86_64-debian-gcc 0.1.1 28.61 78.06 106.67 NOTE
r-devel-linux-x86_64-fedora-clang 0.1.1 239.57 NOTE
r-devel-linux-x86_64-fedora-gcc 0.1.1 235.68 NOTE
r-devel-windows-x86_64 0.1.1 49.00 148.00 197.00 NOTE
r-patched-linux-x86_64 0.1.1 38.57 100.27 138.84 NOTE
r-release-linux-x86_64 0.1.1 37.79 101.80 139.59 NOTE
r-release-macos-arm64 0.1.1 77.00 NOTE
r-release-macos-x86_64 0.1.1 127.00 NOTE
r-release-windows-x86_64 0.1.1 49.00 137.00 186.00 NOTE
r-oldrel-macos-arm64 0.1.1 69.00 NOTE
r-oldrel-macos-x86_64 0.1.1 106.00 NOTE
r-oldrel-windows-x86_64 0.1.1 56.00 167.00 223.00 NOTE

Check Details

Version: 0.1.1
Check: C++ specification
Result: NOTE Specified C++11: please drop specification unless essential Flavors: r-devel-linux-x86_64-debian-clang, r-devel-linux-x86_64-debian-gcc, r-devel-linux-x86_64-fedora-clang, r-devel-linux-x86_64-fedora-gcc, r-devel-windows-x86_64, r-patched-linux-x86_64, r-release-linux-x86_64, r-release-macos-arm64, r-release-macos-x86_64, r-release-windows-x86_64, r-oldrel-macos-arm64, r-oldrel-macos-x86_64, r-oldrel-windows-x86_64