Last updated on 2025-04-30 04:50:21 CEST.
Flavor | Version | Tinstall | Tcheck | Ttotal | Status | Flags |
---|---|---|---|---|---|---|
r-devel-linux-x86_64-debian-clang | 1.0.0 | 5.49 | 56.19 | 61.68 | NOTE | |
r-devel-linux-x86_64-debian-gcc | 1.0.0 | 3.89 | 40.73 | 44.62 | OK | |
r-devel-linux-x86_64-fedora-clang | 1.0.0 | 88.07 | OK | |||
r-devel-linux-x86_64-fedora-gcc | 1.0.0 | 95.68 | OK | |||
r-devel-windows-x86_64 | 1.0.0 | 7.00 | 72.00 | 79.00 | OK | |
r-patched-linux-x86_64 | 1.0.0 | 5.50 | 52.03 | 57.53 | OK | |
r-release-linux-x86_64 | 1.0.0 | 5.21 | 50.87 | 56.08 | OK | |
r-release-macos-arm64 | 1.0.0 | 35.00 | OK | |||
r-release-macos-x86_64 | 1.0.0 | 60.00 | OK | |||
r-release-windows-x86_64 | 1.0.0 | 8.00 | 71.00 | 79.00 | OK | |
r-oldrel-macos-arm64 | 1.0.0 | 34.00 | OK | |||
r-oldrel-macos-x86_64 | 1.0.0 | 51.00 | OK | |||
r-oldrel-windows-x86_64 | 1.0.0 | 8.00 | 81.00 | 89.00 | OK |
Version: 1.0.0
Check: examples
Result: NOTE
Examples with CPU (user + system) or elapsed time > 5s
user system elapsed
draw.ideogram 4.486 0.07 5.873
Flavor: r-devel-linux-x86_64-debian-clang