CRAN Package Check Results for Package synthpop

Last updated on 2025-04-30 04:50:21 CEST.

Flavor Version Tinstall Tcheck Ttotal Status Flags
r-devel-linux-x86_64-debian-clang 1.9-1 25.07 275.73 300.80 OK
r-devel-linux-x86_64-debian-gcc 1.9-1 14.45 197.10 211.55 OK
r-devel-linux-x86_64-fedora-clang 1.9-1 471.70 OK
r-devel-linux-x86_64-fedora-gcc 1.9-1 467.45 OK
r-devel-windows-x86_64 1.9-1 25.00 0.00 25.00 FAIL
r-patched-linux-x86_64 1.9-1 24.03 263.78 287.81 OK
r-release-linux-x86_64 1.9-1 22.45 263.89 286.34 OK
r-release-macos-arm64 1.9-1 136.00 OK
r-release-macos-x86_64 1.9-1 281.00 OK
r-release-windows-x86_64 1.9-1 28.00 350.00 378.00 OK
r-oldrel-macos-arm64 1.9-1 140.00 OK
r-oldrel-macos-x86_64 1.9-1 384.00 OK
r-oldrel-windows-x86_64 1.9-1 28.00 398.00 426.00 OK

Check Details

Version: 1.9-1
Check: re-building of vignette outputs
Result: FAIL Check process probably crashed or hung up for 20 minutes ... killed Most likely this happened in the example checks (?), if not, ignore the following last lines of example output: 1.sex:5.region 0.9899 1.0013 31 31 1.sex:6.income 0.7294 0.7236 11 11 2.age:3.edu 0.3083 0.3076 20 20 2.age:4.marital 1.2094 1.5032 27 22 2.age:5.region 1.0346 1.0571 79 78 2.age:6.income 1.1358 1.1217 29 29 3.edu:4.marital 2.2134 2.3595 25 18 3.edu:5.region 1.0563 1.1031 65 63 3.edu:6.income 0.8462 0.8434 24 24 4.marital:5.region 0.7680 1.0843 76 61 4.marital:6.income 1.2634 1.8007 34 23 5.region:6.income 1.1250 1.1145 95 94 > > > > ### * <FOOTER> > ### > cleanEx() > options(digits = 7L) > base::cat("Time elapsed: ", proc.time() - base::get("ptime", pos = 'CheckExEnv'),"\n") Time elapsed: 43.46 2.98 46.52 NA NA > grDevices::dev.off() null device 1 > ### > ### Local variables: *** > ### mode: outline-minor *** > ### outline-regexp: "\\(> \\)?### [*]+" *** > ### End: *** > quit('no') ======== End of example output (where/before crash/hang up occured ?) ======== Flavor: r-devel-windows-x86_64