Last updated on 2025-02-21 03:52:28 CET.
Flavor | Version | Tinstall | Tcheck | Ttotal | Status | Flags |
---|---|---|---|---|---|---|
r-devel-linux-x86_64-debian-clang | 3.4.3 | 2.55 | 20.48 | 23.03 | OK | |
r-devel-linux-x86_64-debian-gcc | 3.4.3 | 1.86 | 17.76 | 19.62 | OK | |
r-devel-linux-x86_64-fedora-clang | 3.4.3 | 39.88 | OK | |||
r-devel-linux-x86_64-fedora-gcc | 3.4.3 | 36.45 | OK | |||
r-devel-macos-arm64 | 3.4.3 | 26.00 | OK | |||
r-devel-macos-x86_64 | 3.4.3 | 45.00 | OK | |||
r-devel-windows-x86_64 | 3.4.3 | 8.00 | 55.00 | 63.00 | OK | |
r-patched-linux-x86_64 | 3.4.3 | 2.34 | 20.34 | 22.68 | OK | |
r-release-linux-x86_64 | 3.4.3 | 2.13 | 20.24 | 22.37 | OK | |
r-release-macos-arm64 | 3.4.3 | 31.00 | OK | |||
r-release-macos-x86_64 | 3.4.3 | 59.00 | OK | |||
r-release-windows-x86_64 | 3.4.3 | 8.00 | 55.00 | 63.00 | NOTE | |
r-oldrel-macos-arm64 | 3.4.3 | 43.00 | OK | |||
r-oldrel-macos-x86_64 | 3.4.3 | 68.00 | OK | |||
r-oldrel-windows-x86_64 | 3.4.3 | 7.00 | 75.00 | 82.00 | NOTE |
Version: 3.4.3
Check: package dependencies
Result: NOTE
Package suggested but not available for checking: 'unix'
Flavors: r-release-windows-x86_64, r-oldrel-windows-x86_64