CRAN Package Check Results for Package tLagInterim

Last updated on 2025-04-30 04:50:22 CEST.

Flavor Version Tinstall Tcheck Ttotal Status Flags
r-devel-linux-x86_64-debian-clang 1.0 6.25 55.67 61.92 NOTE
r-devel-linux-x86_64-debian-gcc 1.0 4.61 41.63 46.24 NOTE
r-devel-linux-x86_64-fedora-clang 1.0 98.13 OK
r-devel-linux-x86_64-fedora-gcc 1.0 92.78 OK
r-devel-windows-x86_64 1.0 7.00 69.00 76.00 OK
r-patched-linux-x86_64 1.0 5.97 53.04 59.01 OK
r-release-linux-x86_64 1.0 4.92 54.08 59.00 OK
r-release-macos-arm64 1.0 37.00 OK
r-release-macos-x86_64 1.0 66.00 OK
r-release-windows-x86_64 1.0 8.00 70.00 78.00 OK
r-oldrel-macos-arm64 1.0 34.00 OK
r-oldrel-macos-x86_64 1.0 46.00 OK
r-oldrel-windows-x86_64 1.0 9.00 77.00 86.00 OK

Check Details

Version: 1.0
Check: CRAN incoming feasibility
Result: NOTE Maintainer: ‘Shannon T. Holloway <shannon.t.holloway@gmail.com>’ The Description field contains <arXiv:2204.10739> . Please refer to arXiv e-prints via their arXiv DOI <doi:10.48550/arXiv.YYMM.NNNNN>. Flavors: r-devel-linux-x86_64-debian-clang, r-devel-linux-x86_64-debian-gcc