Last updated on 2025-04-30 04:50:21 CEST.
Flavor | Version | Tinstall | Tcheck | Ttotal | Status | Flags |
---|---|---|---|---|---|---|
r-devel-linux-x86_64-debian-clang | 0.6.12 | 9.59 | 126.83 | 136.42 | NOTE | |
r-devel-linux-x86_64-debian-gcc | 0.6.12 | 6.46 | 87.87 | 94.33 | OK | |
r-devel-linux-x86_64-fedora-clang | 0.6.12 | 217.18 | OK | |||
r-devel-linux-x86_64-fedora-gcc | 0.6.12 | 202.63 | OK | |||
r-devel-windows-x86_64 | 0.6.12 | 12.00 | 151.00 | 163.00 | OK | |
r-patched-linux-x86_64 | 0.6.12 | 8.86 | 119.27 | 128.13 | OK | |
r-release-linux-x86_64 | 0.6.12 | 8.23 | 119.27 | 127.50 | OK | |
r-release-macos-arm64 | 0.6.12 | 66.00 | OK | |||
r-release-macos-x86_64 | 0.6.12 | 124.00 | OK | |||
r-release-windows-x86_64 | 0.6.12 | 13.00 | 143.00 | 156.00 | OK | |
r-oldrel-macos-arm64 | 0.6.12 | 217.00 | OK | |||
r-oldrel-macos-x86_64 | 0.6.12 | 265.00 | OK | |||
r-oldrel-windows-x86_64 | 0.6.12 | 13.00 | 177.00 | 190.00 | OK |
Version: 0.6.12
Check: examples
Result: NOTE
Examples with CPU (user + system) or elapsed time > 5s
user system elapsed
as_kable.tablet 3.718 0.039 5.385
Flavor: r-devel-linux-x86_64-debian-clang