Last updated on 2025-04-30 04:50:21 CEST.
Flavor | Version | Tinstall | Tcheck | Ttotal | Status | Flags |
---|---|---|---|---|---|---|
r-devel-linux-x86_64-debian-clang | 0.1.0 | 42.34 | 352.70 | 395.04 | NOTE | |
r-devel-linux-x86_64-debian-gcc | 0.1.0 | 26.45 | 225.99 | 252.44 | OK | |
r-devel-linux-x86_64-fedora-clang | 0.1.1 | 659.82 | OK | |||
r-devel-linux-x86_64-fedora-gcc | 0.1.1 | 536.11 | OK | |||
r-devel-windows-x86_64 | 0.1.0 | 40.00 | 290.00 | 330.00 | OK | |
r-patched-linux-x86_64 | 0.1.0 | 38.34 | 336.81 | 375.15 | OK | |
r-release-linux-x86_64 | 0.1.0 | 38.04 | 335.25 | 373.29 | OK | |
r-release-macos-arm64 | 0.1.1 | 119.00 | OK | |||
r-release-macos-x86_64 | 0.1.1 | 211.00 | OK | |||
r-release-windows-x86_64 | 0.1.1 | 38.00 | 267.00 | 305.00 | OK | |
r-oldrel-macos-arm64 | 0.1.1 | 146.00 | OK | |||
r-oldrel-macos-x86_64 | 0.1.1 | 275.00 | OK | |||
r-oldrel-windows-x86_64 | 0.1.0 | 50.00 | 391.00 | 441.00 | OK |
Version: 0.1.0
Check: examples
Result: NOTE
Examples with CPU (user + system) or elapsed time > 5s
user system elapsed
explore 5.964 0.090 9.255
get_data 4.409 0.143 6.752
export 4.338 0.111 6.315
get_area 4.300 0.064 6.019
import 4.289 0.021 6.173
metadata 4.281 0.024 5.774
reconstruct 4.280 0.004 5.394
Flavor: r-devel-linux-x86_64-debian-clang