CRAN Package Check Results for Package tacmagic

Last updated on 2025-04-30 04:50:21 CEST.

Flavor Version Tinstall Tcheck Ttotal Status Flags
r-devel-linux-x86_64-debian-clang 0.3.1 3.34 53.95 57.29 NOTE
r-devel-linux-x86_64-debian-gcc 0.3.1 2.60 39.80 42.40 NOTE
r-devel-linux-x86_64-fedora-clang 0.3.1 93.49 OK
r-devel-linux-x86_64-fedora-gcc 0.3.1 102.24 OK
r-devel-windows-x86_64 0.3.1 5.00 80.00 85.00 OK
r-patched-linux-x86_64 0.3.1 3.82 51.92 55.74 OK
r-release-linux-x86_64 0.3.1 3.31 52.41 55.72 OK
r-release-macos-arm64 0.3.1 42.00 OK
r-release-macos-x86_64 0.3.1 66.00 OK
r-release-windows-x86_64 0.3.1 4.00 80.00 84.00 OK
r-oldrel-macos-arm64 0.3.1 40.00 OK
r-oldrel-macos-x86_64 0.3.1 53.00 OK
r-oldrel-windows-x86_64 0.3.1 6.00 89.00 95.00 OK

Check Details

Version: 0.3.1
Check: CRAN incoming feasibility
Result: NOTE Maintainer: ‘Eric Brown <eb@ericebrown.com>’ The BugReports field in DESCRIPTION has https://github.com/ropensci/tacmagic which should likely be https://github.com/ropensci/tacmagic/issues instead. Flavors: r-devel-linux-x86_64-debian-clang, r-devel-linux-x86_64-debian-gcc