Last updated on 2025-04-30 04:50:21 CEST.
Flavor | Version | Tinstall | Tcheck | Ttotal | Status | Flags |
---|---|---|---|---|---|---|
r-devel-linux-x86_64-debian-clang | 0.2.0 | 14.64 | 72.08 | 86.72 | NOTE | |
r-devel-linux-x86_64-debian-gcc | 0.2.0 | 10.00 | 51.04 | 61.04 | NOTE | |
r-devel-linux-x86_64-fedora-clang | 0.2.0 | 139.59 | OK | |||
r-devel-linux-x86_64-fedora-gcc | 0.2.0 | 132.63 | OK | |||
r-devel-windows-x86_64 | 0.2.0 | 21.00 | 110.00 | 131.00 | OK | |
r-patched-linux-x86_64 | 0.2.0 | 15.72 | 67.95 | 83.67 | OK | |
r-release-linux-x86_64 | 0.2.0 | 14.86 | 67.97 | 82.83 | OK | |
r-release-macos-arm64 | 0.2.0 | 40.00 | OK | |||
r-release-macos-x86_64 | 0.2.0 | 74.00 | OK | |||
r-release-windows-x86_64 | 0.2.0 | 23.00 | 102.00 | 125.00 | OK | |
r-oldrel-macos-arm64 | 0.2.0 | 45.00 | OK | |||
r-oldrel-macos-x86_64 | 0.2.0 | 74.00 | OK | |||
r-oldrel-windows-x86_64 | 0.2.0 | 23.00 | 122.00 | 145.00 | OK |
Version: 0.2.0
Check: examples
Result: NOTE
Examples with CPU (user + system) or elapsed time > 5s
user system elapsed
summary_crop 7.481 0.036 8.827
plot_timing_atc_group 5.410 0.039 6.202
plot_timing_trajectory 4.213 0.040 5.134
Flavor: r-devel-linux-x86_64-debian-clang
Version: 0.2.0
Check: examples
Result: NOTE
Examples with CPU (user + system) or elapsed time > 5s
user system elapsed
summary_crop 4.882 0.05 6.453
Flavor: r-devel-linux-x86_64-debian-gcc