CRAN Package Check Results for Package tapkee

Last updated on 2025-04-30 04:50:21 CEST.

Flavor Version Tinstall Tcheck Ttotal Status Flags
r-devel-linux-x86_64-debian-clang 1.2 1.64 29.04 30.68 NOTE
r-devel-linux-x86_64-debian-gcc 1.2 1.38 24.12 25.50 NOTE
r-devel-linux-x86_64-fedora-clang 1.2 48.17 OK
r-devel-linux-x86_64-fedora-gcc 1.2 61.43 OK
r-devel-windows-x86_64 1.2 3.00 74.00 77.00 OK
r-patched-linux-x86_64 1.2 1.66 28.14 29.80 OK
r-release-linux-x86_64 1.2 1.60 28.41 30.01 OK
r-release-macos-arm64 1.2 31.00 OK
r-release-macos-x86_64 1.2 60.00 OK
r-release-windows-x86_64 1.2 2.00 79.00 81.00 OK
r-oldrel-macos-arm64 1.2 26.00 OK
r-oldrel-macos-x86_64 1.2 53.00 OK
r-oldrel-windows-x86_64 1.2 3.00 75.00 78.00 OK

Check Details

Version: 1.2
Check: CRAN incoming feasibility
Result: NOTE Maintainer: ‘Alexey Shipunov <dactylorhiza@gmail.com>’ No Authors@R field in DESCRIPTION. Please add one, modifying Authors@R: person(given = "Alexey", family = "Shipunov", role = c("aut", "cre"), email = "dactylorhiza@gmail.com") as necessary. Flavors: r-devel-linux-x86_64-debian-clang, r-devel-linux-x86_64-debian-gcc