Last updated on 2025-04-30 04:50:21 CEST.
Flavor | Version | Tinstall | Tcheck | Ttotal | Status | Flags |
---|---|---|---|---|---|---|
r-devel-linux-x86_64-debian-clang | 0.1.1 | 9.40 | 121.30 | 130.70 | NOTE | |
r-devel-linux-x86_64-debian-gcc | 0.1.1 | 6.36 | 84.32 | 90.68 | OK | |
r-devel-linux-x86_64-fedora-clang | 0.1.1 | 199.37 | OK | |||
r-devel-linux-x86_64-fedora-gcc | 0.1.1 | 199.73 | OK | |||
r-devel-windows-x86_64 | 0.1.1 | 10.00 | 153.00 | 163.00 | OK | |
r-patched-linux-x86_64 | 0.1.1 | 7.93 | 114.90 | 122.83 | OK | |
r-release-linux-x86_64 | 0.1.1 | 8.60 | 115.24 | 123.84 | OK | |
r-release-macos-arm64 | 0.1.1 | 70.00 | OK | |||
r-release-macos-x86_64 | 0.1.1 | 136.00 | OK | |||
r-release-windows-x86_64 | 0.1.1 | 10.00 | 151.00 | 161.00 | OK | |
r-oldrel-macos-arm64 | 0.1.1 | 64.00 | OK | |||
r-oldrel-macos-x86_64 | 0.1.1 | 106.00 | OK | |||
r-oldrel-windows-x86_64 | 0.1.1 | 12.00 | 174.00 | 186.00 | OK |
Version: 0.1.1
Check: examples
Result: NOTE
Examples with CPU (user + system) or elapsed time > 5s
user system elapsed
pie_addimages 3.929 0.21 5.475
Flavor: r-devel-linux-x86_64-debian-clang