CRAN Package Check Results for Package tauturri

Last updated on 2025-11-02 03:51:58 CET.

Flavor Version Tinstall Tcheck Ttotal Status Flags
r-devel-linux-x86_64-debian-clang 0.3.0 5.72 47.35 53.07 NOTE
r-devel-linux-x86_64-debian-gcc 0.3.0 4.00 35.02 39.02 NOTE
r-devel-linux-x86_64-fedora-clang 0.3.0 12.00 63.25 75.25 OK
r-devel-linux-x86_64-fedora-gcc 0.3.0 12.00 59.78 71.78 OK
r-devel-windows-x86_64 0.3.0 7.00 66.00 73.00 OK
r-patched-linux-x86_64 0.3.0 5.58 43.25 48.83 OK
r-release-linux-x86_64 0.3.0 4.96 42.96 47.92 OK
r-release-macos-arm64 0.3.0 3.00 26.00 29.00 OK
r-release-macos-x86_64 0.3.0 5.00 39.00 44.00 OK
r-release-windows-x86_64 0.3.0 8.00 72.00 80.00 OK
r-oldrel-macos-arm64 0.3.0 3.00 22.00 25.00 OK
r-oldrel-macos-x86_64 0.3.0 4.00 34.00 38.00 OK
r-oldrel-windows-x86_64 0.3.0 10.00 80.00 90.00 OK

Check Details

Version: 0.3.0
Check: CRAN incoming feasibility
Result: NOTE Maintainer: ‘Lukas Burk <lukas@quantenbrot.de>’ Found the following (possibly) invalid file URI: URI: CODE_OF_CONDUCT.md From: README.md Flavors: r-devel-linux-x86_64-debian-clang, r-devel-linux-x86_64-debian-gcc