Last updated on 2025-04-30 04:50:21 CEST.
Flavor | Version | Tinstall | Tcheck | Ttotal | Status | Flags |
---|---|---|---|---|---|---|
r-devel-linux-x86_64-debian-clang | 0.2.1 | 6.56 | 69.89 | 76.45 | NOTE | |
r-devel-linux-x86_64-debian-gcc | 0.2.1 | 4.34 | 48.55 | 52.89 | NOTE | |
r-devel-linux-x86_64-fedora-clang | 0.2.1 | 116.86 | NOTE | |||
r-devel-linux-x86_64-fedora-gcc | 0.2.1 | 122.05 | NOTE | |||
r-devel-windows-x86_64 | 0.2.1 | 8.00 | 90.00 | 98.00 | NOTE | |
r-patched-linux-x86_64 | 0.2.1 | 7.12 | 63.82 | 70.94 | NOTE | |
r-release-linux-x86_64 | 0.2.1 | 6.12 | 64.41 | 70.53 | NOTE | |
r-release-macos-arm64 | 0.2.1 | 44.00 | NOTE | |||
r-release-macos-x86_64 | 0.2.1 | 150.00 | NOTE | |||
r-release-windows-x86_64 | 0.2.1 | 10.00 | 85.00 | 95.00 | NOTE | |
r-oldrel-macos-arm64 | 0.2.1 | 43.00 | OK | |||
r-oldrel-macos-x86_64 | 0.2.1 | 81.00 | OK | |||
r-oldrel-windows-x86_64 | 0.2.1 | 11.00 | 97.00 | 108.00 | OK |
Version: 0.2.1
Check: DESCRIPTION meta-information
Result: NOTE
Missing dependency on R >= 4.1.0 because package code uses the pipe
|> or function shorthand \(...) syntax added in R 4.1.0.
File(s) using such syntax:
‘parse_schema.R’
Flavors: r-devel-linux-x86_64-debian-clang, r-devel-linux-x86_64-debian-gcc, r-devel-linux-x86_64-fedora-clang, r-devel-linux-x86_64-fedora-gcc, r-devel-windows-x86_64, r-patched-linux-x86_64, r-release-linux-x86_64, r-release-macos-arm64, r-release-macos-x86_64, r-release-windows-x86_64