Last updated on 2025-04-30 04:50:21 CEST.
Flavor | Version | Tinstall | Tcheck | Ttotal | Status | Flags |
---|---|---|---|---|---|---|
r-devel-linux-x86_64-debian-clang | 0.1.5 | 2.49 | 26.77 | 29.26 | NOTE | |
r-devel-linux-x86_64-debian-gcc | 0.1.5 | 1.76 | 21.53 | 23.29 | NOTE | |
r-devel-linux-x86_64-fedora-clang | 0.1.5 | 44.93 | OK | |||
r-devel-linux-x86_64-fedora-gcc | 0.1.5 | 41.16 | OK | |||
r-devel-windows-x86_64 | 0.1.5 | 4.00 | 50.00 | 54.00 | OK | |
r-patched-linux-x86_64 | 0.1.5 | 2.41 | 24.48 | 26.89 | OK | |
r-release-linux-x86_64 | 0.1.5 | 2.39 | 24.54 | 26.93 | OK | |
r-release-macos-arm64 | 0.1.5 | 23.00 | OK | |||
r-release-macos-x86_64 | 0.1.5 | 31.00 | OK | |||
r-release-windows-x86_64 | 0.1.5 | 4.00 | 51.00 | 55.00 | OK | |
r-oldrel-macos-arm64 | 0.1.5 | 18.00 | OK | |||
r-oldrel-macos-x86_64 | 0.1.5 | 27.00 | OK | |||
r-oldrel-windows-x86_64 | 0.1.5 | 4.00 | 51.00 | 55.00 | OK |
Version: 0.1.5
Check: CRAN incoming feasibility
Result: NOTE
Maintainer: ‘Carl Boettiger <cboettig@gmail.com>’
The BugReports field in DESCRIPTION has
https://github.com/cboettig/taxalight
which should likely be
https://github.com/cboettig/taxalight/issues
instead.
Flavors: r-devel-linux-x86_64-debian-clang, r-devel-linux-x86_64-debian-gcc