CRAN Package Check Results for Package taxize

Last updated on 2025-04-30 04:50:21 CEST.

Flavor Version Tinstall Tcheck Ttotal Status Flags
r-devel-linux-x86_64-debian-clang 0.10.0 16.90 110.86 127.76 OK
r-devel-linux-x86_64-debian-gcc 0.10.0 9.87 74.15 84.02 OK
r-devel-linux-x86_64-fedora-clang 0.10.0 200.59 OK
r-devel-linux-x86_64-fedora-gcc 0.10.0 185.05 OK
r-devel-windows-x86_64 0.10.0 16.00 153.00 169.00 OK
r-patched-linux-x86_64 0.10.0 21.43 103.63 125.06 OK
r-release-linux-x86_64 0.10.0 14.40 103.28 117.68 OK
r-release-macos-arm64 0.10.0 54.00 OK
r-release-macos-x86_64 0.10.0 104.00 OK
r-release-windows-x86_64 0.10.0 17.00 144.00 161.00 OK
r-oldrel-macos-arm64 0.10.0 53.00 NOTE
r-oldrel-macos-x86_64 0.10.0 113.00 OK
r-oldrel-windows-x86_64 0.10.0 24.00 169.00 193.00 OK

Check Details

Version: 0.10.0
Check: R code for possible problems
Result: NOTE Found the following possibly unsafe calls: Fatal error: cannot create 'R_TempDir' Fatal error: cannot create 'R_TempDir' Flavor: r-oldrel-macos-arm64