Last updated on 2025-04-30 04:50:21 CEST.
Flavor | Version | Tinstall | Tcheck | Ttotal | Status | Flags |
---|---|---|---|---|---|---|
r-devel-linux-x86_64-debian-clang | 0.2.0 | 29.70 | 192.88 | 222.58 | NOTE | |
r-devel-linux-x86_64-debian-gcc | 0.2.0 | 24.66 | 153.74 | 178.40 | NOTE | |
r-devel-linux-x86_64-fedora-clang | 0.2.0 | 324.27 | NOTE | |||
r-devel-linux-x86_64-fedora-gcc | 0.2.0 | 354.64 | NOTE | |||
r-devel-windows-x86_64 | 0.2.0 | 38.00 | 209.00 | 247.00 | NOTE | |
r-patched-linux-x86_64 | 0.2.0 | 34.98 | 212.94 | 247.92 | NOTE | |
r-release-linux-x86_64 | 0.2.0 | 36.35 | 216.58 | 252.93 | NOTE | |
r-release-macos-arm64 | 0.2.0 | 94.00 | NOTE | |||
r-release-macos-x86_64 | 0.2.0 | 155.00 | NOTE | |||
r-release-windows-x86_64 | 0.2.0 | 40.00 | 200.00 | 240.00 | NOTE | |
r-oldrel-macos-arm64 | 0.2.0 | 80.00 | NOTE | |||
r-oldrel-macos-x86_64 | 0.2.0 | 122.00 | NOTE | |||
r-oldrel-windows-x86_64 | 0.2.0 | 43.00 | 259.00 | 302.00 | NOTE |
Version: 0.2.0
Check: C++ specification
Result: NOTE
Specified C++11: please drop specification unless essential
Flavors: r-devel-linux-x86_64-debian-clang, r-devel-linux-x86_64-debian-gcc, r-devel-linux-x86_64-fedora-clang, r-devel-linux-x86_64-fedora-gcc, r-devel-windows-x86_64, r-patched-linux-x86_64, r-release-linux-x86_64, r-release-macos-arm64, r-release-macos-x86_64, r-release-windows-x86_64, r-oldrel-macos-arm64, r-oldrel-macos-x86_64, r-oldrel-windows-x86_64
Version: 0.2.0
Check: examples
Result: NOTE
Examples with CPU (user + system) or elapsed time > 5s
user system elapsed
clc 7.692 0.117 7.326
simulate_olc 5.005 0.299 2.490
Flavor: r-devel-linux-x86_64-debian-clang
Version: 0.2.0
Check: examples
Result: NOTE
Examples with CPU (user + system) or elapsed time > 5s
user system elapsed
simulate_tci 5.061 0.007 2.849
clc 4.597 0.053 5.398
Flavor: r-devel-linux-x86_64-debian-gcc
Version: 0.2.0
Check: dependencies in R code
Result: NOTE
Namespaces in Imports field not imported from:
‘gridExtra’ ‘reshape2’ ‘truncnorm’ ‘xtable’
All declared Imports should be used.
Flavors: r-devel-linux-x86_64-fedora-clang, r-devel-linux-x86_64-fedora-gcc